{"id":138,"date":"2022-05-10T11:37:06","date_gmt":"2022-05-10T09:37:06","guid":{"rendered":"https:\/\/www.efaflex.com\/\/?page_id=138"},"modified":"2024-12-16T15:50:22","modified_gmt":"2024-12-16T14:50:22","slug":"studenten-absolventen","status":"publish","type":"page","link":"https:\/\/www.efaflex.com\/de\/karriere\/studenten-absolventen\/","title":{"rendered":"Studenten \/ Absolventen"},"content":{"rendered":"\r\n<script type=\"application\/javascript\">\r\n    window.addEventListener('DOMContentLoaded', function() {\r\n        jQuery(document).ready(function($){\r\n            var sliderid = \"block_c33546cea27a3aa51463c0e0bd9f225d\";\r\n            $('#'+sliderid).slick({\r\n                infinite: true,\r\n                dots: false,\r\n                lazyLoad: 'ondemand',\r\n                autoplay: false,\r\n                arrows: true,\r\n                fade: true,\r\n                speed: 500,\r\n                pauseOnHover: false,\r\n                prevArrow: '<div class=\"slick-prev slick-button\"><svg xmlns=\"http:\/\/www.w3.org\/2000\/svg\" viewBox=\"0 0 448 512\"><!--! Font Awesome Pro 6.1.1 by @fontawesome - https:\/\/fontawesome.com License - https:\/\/fontawesome.com\/license (Commercial License) Copyright 2022 Fonticons, Inc. --><path d=\"M77.25 256l137.4-137.4c12.5-12.5 12.5-32.75 0-45.25s-32.75-12.5-45.25 0l-160 160c-12.5 12.5-12.5 32.75 0 45.25l160 160C175.6 444.9 183.8 448 192 448s16.38-3.125 22.62-9.375c12.5-12.5 12.5-32.75 0-45.25L77.25 256zM269.3 256l137.4-137.4c12.5-12.5 12.5-32.75 0-45.25s-32.75-12.5-45.25 0l-160 160c-12.5 12.5-12.5 32.75 0 45.25l160 160C367.6 444.9 375.8 448 384 448s16.38-3.125 22.62-9.375c12.5-12.5 12.5-32.75 0-45.25L269.3 256z\"\/><\/svg><\/div>',\r\n                nextArrow: '<div class=\"slick-next slick-button\"><svg xmlns=\"http:\/\/www.w3.org\/2000\/svg\" viewBox=\"0 0 448 512\"><!--! Font Awesome Pro 6.1.1 by @fontawesome - https:\/\/fontawesome.com License - https:\/\/fontawesome.com\/license (Commercial License) Copyright 2022 Fonticons, Inc. --><path fill=\"ff0000\" style=\"height: 22px\" d=\"M246.6 233.4l-160-160c-12.5-12.5-32.75-12.5-45.25 0s-12.5 32.75 0 45.25L178.8 256l-137.4 137.4c-12.5 12.5-12.5 32.75 0 45.25C47.63 444.9 55.81 448 64 448s16.38-3.125 22.62-9.375l160-160C259.1 266.1 259.1 245.9 246.6 233.4zM438.6 233.4l-160-160c-12.5-12.5-32.75-12.5-45.25 0s-12.5 32.75 0 45.25L370.8 256l-137.4 137.4c-12.5 12.5-12.5 32.75 0 45.25C239.6 444.9 247.8 448 256 448s16.38-3.125 22.62-9.375l160-160C451.1 266.1 451.1 245.9 438.6 233.4z\"\/><\/svg><\/div>',\r\n            });\r\n        });\r\n    });\r\n<\/script>\r\n\r\n<div id=\"block_c33546cea27a3aa51463c0e0bd9f225d\" class=\"bild-video-text-slider block-header-bild-video-text-slider\">\r\n                        <div>\r\n                <div class=\"bild-video-text-slider--slide\">\r\n                                            <div class=\"img-vid-box\">\r\n                            <div class=\"img-sizer\">\r\n                                <img decoding=\"async\" width=\"1243\" height=\"800\" src=\"https:\/\/www.efaflex.com\/wp-content\/uploads\/2022\/07\/studenten-absolventen-berufsausbildung-karriere-header-efaflex-1243x800.jpg\" class=\"attachment-image-big size-image-big\" alt=\"\" \/>                            <\/div>\r\n                        <\/div>\r\n                        <div class=\"video-text\">\r\n                            <h1>Starte deine Ausbildung beim <span class=\"highlighted\">Weltmarktf\u00fchrer f\u00fcr Schnelllauf-Industrietore.<\/span><\/h1>\n                        <\/div>\r\n                                    <\/div>\r\n\r\n            <\/div>\r\n            <\/div>\n\n\r\n\r\n<div id=\"breadcrump-block_bed34f917dfa3ae0f82dbbd1061caddc\" class=\"inner\">\r\n        <nav class=\"breadcrumb\"><a href=\"https:\/\/www.efaflex.com\/de\/\">Startseite<\/a> \/ <span class=\"current-page\">Seite<\/span><\/nav>    <\/div>\n\n\n<div style=\"height:100px\" aria-hidden=\"true\" class=\"wp-block-spacer\"><\/div>\n\n\n\r\n\r\n<div id=\"textmodul-3-spalten-block_c49a0d09cd5e1e1b402266de69a9f849\" class=\"textmodul-3-spalten\">\r\n    <div class=\"inner\">\r\n        <div class=\"custom-flex-box\">\r\n                            <h2 class=\"flex-box-thirty break headline-two false\">Erfolgreicher Start ins Berufsleben \u2013 mit EFAFLEX.<\/h2>\r\n                        <div class=\"flex-box-thirty\"><p>Junge Menschen, die neugierig sind, gerne dazulernen und sich f\u00fcr ihre Zukunft engagieren m\u00f6chten, finden bei EFAFLEX viele spannende M\u00f6glichkeiten. Werkstudenten sammeln bei uns erste Berufserfahrungen, Absolventen beginnen ihren ersten Job.<\/p>\n<p>Wir bieten viele verschiedene Ausbildungsm\u00f6glichkeiten und unterst\u00fctzen auch dich beim Einstieg ins Berufsleben.<\/p>\n<\/div>\r\n            <div class=\"flex-box-thirty\"><\/div>\r\n        <\/div>\r\n    <\/div>\r\n<\/div>\r\n\n\n\n<div style=\"height:100px\" aria-hidden=\"true\" class=\"wp-block-spacer\"><\/div>\n\n\n\r\n\r\n\r\n<div class=\"dreispaltig-bild-text-aufzaehlung\">\r\n    <div class=\"inner\">\r\n        <h2>Deine Entwicklungsm\u00f6glichkeiten<\/h2>\r\n        <div class=\"custom-flex-box\">\r\n                            \r\n                    <div class=\"flex-box-thirty single-block\">\r\n                        <div class=\"bild-box\">\r\n                                                                                        <img decoding=\"async\" src=\"https:\/\/www.efaflex.com\/wp-content\/uploads\/2022\/07\/werkstudent-entwicklungsmoeglichkeiten-karriere-efaflex.png\" alt=\"\" \/>\r\n                                                    <\/div>\r\n                        <h3 class=\"medium-h2\">F\u00fcr Werkstudenten bieten wir an:<\/h3>\r\n\r\n                                                    <ul>\r\n                                                                                                            <li>Kennenlernen unterschiedlicher Abteilungen<\/li>\r\n                                                                            <li>Unterst\u00fctzung des Teams bei der allt\u00e4glichen Arbeit<\/li>\r\n                                                                            <li>Teilnahme an Team-Events<\/li>\r\n                                                                                                <\/ul>\r\n\r\n                        \r\n\r\n                    <\/div>\r\n\r\n                \r\n                    <div class=\"flex-box-thirty single-block\">\r\n                        <div class=\"bild-box\">\r\n                                                                                        <img decoding=\"async\" src=\"https:\/\/www.efaflex.com\/wp-content\/uploads\/2022\/07\/absolvent-entwicklungsmoeglichkeiten-karriere-efaflex-1.png\" alt=\"\" \/>\r\n                                                    <\/div>\r\n                        <h3 class=\"medium-h2\">Absolventen sch\u00e4tzen bei EFAFLEX:<\/h3>\r\n\r\n                                                    <ul>\r\n                                                                                                            <li>Spannende Aufgabenbereiche f\u00fcr Berufseinsteiger <\/li>\r\n                                                                            <li>Weiterentwicklung<\/li>\r\n                                                                            <li>Aufstiegsm\u00f6glichkeiten<\/li>\r\n                                                                                                <\/ul>\r\n\r\n                        \r\n\r\n                    <\/div>\r\n\r\n                                    <\/div>\r\n    <\/div>\r\n<\/div>\n\n\n<div style=\"height:100px\" aria-hidden=\"true\" class=\"wp-block-spacer\"><\/div>\n\n\n\r\n\r\n\r\n<div id=\"ausgabe-der-stellenangebote-block_53758cf9ef552e19b4c3826adac556ea\" class=\"block-ausgabe-der-stellenangebote inner\">\r\n\r\n    <div class=\"custom-flex-box\">\r\n                                <div class=\"offene-stellenangebote--stelle flex-box-fifty\">\r\n                <h2>Werkstudent Grafikdesign \/ Marketing (m\/w\/d) \u2013 Bruckberg<\/h2>\r\n                <a class=\"load-more-button\" href=\"https:\/\/www.efaflex.com\/de\/stellenangebote\/werkstudent-grafikdesign-marketing-m-w-d-bruckberg\/\">Jobbeschreibung<\/a>\r\n            <\/div>\r\n            <\/div>\r\n<\/div>\n\n\n<div style=\"height:100px\" aria-hidden=\"true\" class=\"wp-block-spacer\"><\/div>\n\n\n\r\n<div id=\"benefits-modul-block_d97a524821d984184627515002b7684b\" class=\"benefits-modul inner\">\r\n    <h2>Auf einen Blick:<\/h2>\r\n            <div class=\"custom-flex-box\">\r\n                            <div class=\"flex-box-fifty benefits-modul--benefit\">\r\n                    <img decoding=\"async\" width=\"49\" height=\"49\" src=\"https:\/\/www.efaflex.com\/wp-content\/themes\/efaflex\/assets\/img\/benefits-check.svg\" alt=\"Benefits Check Icon\">\r\n                    <div>\r\n                        Gute \u00dcbernahmechancen                                            <\/div>\r\n                <\/div>\r\n                            <div class=\"flex-box-fifty benefits-modul--benefit\">\r\n                    <img decoding=\"async\" width=\"49\" height=\"49\" src=\"https:\/\/www.efaflex.com\/wp-content\/themes\/efaflex\/assets\/img\/benefits-check.svg\" alt=\"Benefits Check Icon\">\r\n                    <div>\r\n                        Umfangreiche Einarbeitung                                            <\/div>\r\n                <\/div>\r\n                            <div class=\"flex-box-fifty benefits-modul--benefit\">\r\n                    <img decoding=\"async\" width=\"49\" height=\"49\" src=\"https:\/\/www.efaflex.com\/wp-content\/themes\/efaflex\/assets\/img\/benefits-check.svg\" alt=\"Benefits Check Icon\">\r\n                    <div>\r\n                        Weiterbildungsm\u00f6glichkeiten                                            <\/div>\r\n                <\/div>\r\n                            <div class=\"flex-box-fifty benefits-modul--benefit\">\r\n                    <img decoding=\"async\" width=\"49\" height=\"49\" src=\"https:\/\/www.efaflex.com\/wp-content\/themes\/efaflex\/assets\/img\/benefits-check.svg\" alt=\"Benefits Check Icon\">\r\n                    <div>\r\n                        Teilnahme an Teamevents                                            <\/div>\r\n                <\/div>\r\n                    <\/div>\r\n        <div class=\"benefits-modul--links\">\r\n                                    <\/div>\r\n<\/div>\n\n\n<div style=\"height:100px\" aria-hidden=\"true\" class=\"wp-block-spacer\"><\/div>\n\n\n\r\n<div id=\"headline-zweizeilig-block_b90979c6374f4c06c70fab9b968e83d6\" class=\"headline-zweizeilig headline-zweizeilig-zentriert inner smalltext\">\r\n    <p>Interesse geweckt? Dann bewirb Dich jetzt bei <span class=\"highlighted\">EFAFLEX:<\/span><\/p>\n            <\/div>\r\n\n\n\n<div style=\"height:100px\" aria-hidden=\"true\" class=\"wp-block-spacer\"><\/div>\n\n\n\r\n\r\n<div id=\"bild-text-modul-rechts-zweizeilig-block_93933c73fc0822daae3f2a1a89a9122d\" class=\"bild-text-modul-zweizeilig-container\">\r\n            \r\n\r\n\r\n            \r\n                                    \r\n\r\n                            <div class=\"bild-text-modul-links-zweizeilig bild-text-modul-zweizeilig\">\r\n                                <div class=\"custom-flex-box-no-margin\">\r\n\r\n                                    <div class=\"flex-box-fifty-no-margin bild-container\">\r\n                                                                                                                                                                                                                                                                                        <img decoding=\"async\" width=\"960\" height=\"720\" src=\"https:\/\/www.efaflex.com\/wp-content\/uploads\/2022\/07\/Digitales_Tor_Tablet_A3-8.jpg\" class=\"attachment-full size-full\" alt=\"\" srcset=\"https:\/\/www.efaflex.com\/wp-content\/uploads\/2022\/07\/Digitales_Tor_Tablet_A3-8.jpg 960w, https:\/\/www.efaflex.com\/wp-content\/uploads\/2022\/07\/Digitales_Tor_Tablet_A3-8-300x225.jpg 300w, https:\/\/www.efaflex.com\/wp-content\/uploads\/2022\/07\/Digitales_Tor_Tablet_A3-8-768x576.jpg 768w\" sizes=\"(max-width: 960px) 100vw, 960px\" \/>                                                                                                                                                                        <\/div>\r\n\r\n                                    <div class=\"flex-box-fifty-no-margin text-container\">\r\n                                        <div class=\"text-container-flex\">\r\n                                            <div class=\"text-inner\">\r\n                                                                                                                                                            <div class=\"text-left-border\">\r\n                                                            <div class=\"text-cut\">\r\n                                                                \r\n                                                                                                                                    <h3 class=\"headline-two medium-h2\">Ihre Ansprechpartnerin.<\/h3>                                                                \r\n<!--                                                                <h2 class=\"medium-h2\">--><!--<\/h2>-->\r\n                                                                <p class=\"normal-font\">Name: Beate Hammerl<br \/>\r\nE-Mail: karriere@efaflex.com<\/p>\r\n                                                            <\/div>\r\n                                                            <div class=\"button-box\">\r\n                                                                                                                                                                                            <\/div>\r\n                                                        <\/div>\r\n                                                                                                                                                <\/div>\r\n                                        <\/div>\r\n                                    <\/div>\r\n                                <\/div>\r\n                            <\/div>\r\n\r\n                                    \r\n            \r\n\r\n        \r\n\r\n\r\n    <\/div>\n\n\n<div style=\"height:100px\" aria-hidden=\"true\" class=\"wp-block-spacer\"><\/div>\n\n\n\r\n<div id=\"headline-zweizeilig-block_629769204e4d3\" class=\"headline-zweizeilig headline-zweizeilig-zentriert inner smalltext\">\r\n    <p>Nicht das Passende f\u00fcr Sie dabei? Dann freuen wir uns \u00fcber Ihre <span class=\"highlighted\">Initiativbewerbung!<\/span><\/p>\n                    <a class=\"load-more-button\" href=\"https:\/\/www.efaflex.com\/de\/karriere\/offene-stellen-initiativbewerbung\/initiativbewerbung\/\" target=\"_blank\">Zur Initiativbewerbung<\/a>\r\n    <\/div>\r\n\n\n\n<div style=\"height:100px\" aria-hidden=\"true\" class=\"wp-block-spacer\"><\/div>\n","protected":false},"excerpt":{"rendered":"","protected":false},"author":2,"featured_media":0,"parent":21,"menu_order":15,"comment_status":"closed","ping_status":"closed","template":"","meta":{"_acf_changed":false,"footnotes":""},"categories":[],"tags":[],"class_list":["post-138","page","type-page","status-publish","hentry"],"acf":[],"_links":{"self":[{"href":"https:\/\/www.efaflex.com\/de\/wp-json\/wp\/v2\/pages\/138","targetHints":{"allow":["GET"]}}],"collection":[{"href":"https:\/\/www.efaflex.com\/de\/wp-json\/wp\/v2\/pages"}],"about":[{"href":"https:\/\/www.efaflex.com\/de\/wp-json\/wp\/v2\/types\/page"}],"author":[{"embeddable":true,"href":"https:\/\/www.efaflex.com\/de\/wp-json\/wp\/v2\/users\/2"}],"replies":[{"embeddable":true,"href":"https:\/\/www.efaflex.com\/de\/wp-json\/wp\/v2\/comments?post=138"}],"version-history":[{"count":16,"href":"https:\/\/www.efaflex.com\/de\/wp-json\/wp\/v2\/pages\/138\/revisions"}],"predecessor-version":[{"id":28550,"href":"https:\/\/www.efaflex.com\/de\/wp-json\/wp\/v2\/pages\/138\/revisions\/28550"}],"up":[{"embeddable":true,"href":"https:\/\/www.efaflex.com\/de\/wp-json\/wp\/v2\/pages\/21"}],"wp:attachment":[{"href":"https:\/\/www.efaflex.com\/de\/wp-json\/wp\/v2\/media?parent=138"}],"wp:term":[{"taxonomy":"category","embeddable":true,"href":"https:\/\/www.efaflex.com\/de\/wp-json\/wp\/v2\/categories?post=138"},{"taxonomy":"post_tag","embeddable":true,"href":"https:\/\/www.efaflex.com\/de\/wp-json\/wp\/v2\/tags?post=138"}],"curies":[{"name":"wp","href":"https:\/\/api.w.org\/{rel}","templated":true}]}}

<script type="application/javascript">
    window.addEventListener('DOMContentLoaded', function() {
        jQuery(document).ready(function($){
            var sliderid = "block_c33546cea27a3aa51463c0e0bd9f225d";
            $('#'+sliderid).slick({
                infinite: true,
                dots: false,
                lazyLoad: 'ondemand',
                autoplay: false,
                arrows: true,
                fade: true,
                speed: 500,
                pauseOnHover: false,
                prevArrow: '<div class="slick-prev slick-button"><svg xmlns="http://www.w3.org/2000/svg" viewBox="0 0 448 512"><!--! Font Awesome Pro 6.1.1 by @fontawesome - https://fontawesome.com License - https://fontawesome.com/license (Commercial License) Copyright 2022 Fonticons, Inc. --><path d="M77.25 256l137.4-137.4c12.5-12.5 12.5-32.75 0-45.25s-32.75-12.5-45.25 0l-160 160c-12.5 12.5-12.5 32.75 0 45.25l160 160C175.6 444.9 183.8 448 192 448s16.38-3.125 22.62-9.375c12.5-12.5 12.5-32.75 0-45.25L77.25 256zM269.3 256l137.4-137.4c12.5-12.5 12.5-32.75 0-45.25s-32.75-12.5-45.25 0l-160 160c-12.5 12.5-12.5 32.75 0 45.25l160 160C367.6 444.9 375.8 448 384 448s16.38-3.125 22.62-9.375c12.5-12.5 12.5-32.75 0-45.25L269.3 256z"/></svg></div>',
                nextArrow: '<div class="slick-next slick-button"><svg xmlns="http://www.w3.org/2000/svg" viewBox="0 0 448 512"><!--! Font Awesome Pro 6.1.1 by @fontawesome - https://fontawesome.com License - https://fontawesome.com/license (Commercial License) Copyright 2022 Fonticons, Inc. --><path fill="ff0000" style="height: 22px" d="M246.6 233.4l-160-160c-12.5-12.5-32.75-12.5-45.25 0s-12.5 32.75 0 45.25L178.8 256l-137.4 137.4c-12.5 12.5-12.5 32.75 0 45.25C47.63 444.9 55.81 448 64 448s16.38-3.125 22.62-9.375l160-160C259.1 266.1 259.1 245.9 246.6 233.4zM438.6 233.4l-160-160c-12.5-12.5-32.75-12.5-45.25 0s-12.5 32.75 0 45.25L370.8 256l-137.4 137.4c-12.5 12.5-12.5 32.75 0 45.25C239.6 444.9 247.8 448 256 448s16.38-3.125 22.62-9.375l160-160C451.1 266.1 451.1 245.9 438.6 233.4z"/></svg></div>',
            });
        });
    });
</script>

<div id="block_c33546cea27a3aa51463c0e0bd9f225d" class="bild-video-text-slider block-header-bild-video-text-slider">
                        <div>
                <div class="bild-video-text-slider--slide">
                                            <div class="img-vid-box">
                            <div class="img-sizer">
                                <img decoding="async" width="1243" height="800" src="https://www.efaflex.com/wp-content/uploads/2022/07/studenten-absolventen-berufsausbildung-karriere-header-efaflex-1243x800.jpg" class="attachment-image-big size-image-big" alt="" />                            </div>
                        </div>
                        <div class="video-text">
                            <h1>Starte deine Ausbildung beim <span class="highlighted">Weltmarktführer für Schnelllauf-Industrietore.</span></h1>
                        </div>
                                    </div>

            </div>
            </div>



<div id="breadcrump-block_bed34f917dfa3ae0f82dbbd1061caddc" class="inner">
        <nav class="breadcrumb"><a href="https://www.efaflex.com/de/">Startseite</a> / <span class="current-page">Seite</span></nav>    </div>


<div style="height:100px" aria-hidden="true" class="wp-block-spacer"></div>




<div id="textmodul-3-spalten-block_c49a0d09cd5e1e1b402266de69a9f849" class="textmodul-3-spalten">
    <div class="inner">
        <div class="custom-flex-box">
                            <h2 class="flex-box-thirty break headline-two false">Erfolgreicher Start ins Berufsleben – mit EFAFLEX.</h2>
                        <div class="flex-box-thirty"><p>Junge Menschen, die neugierig sind, gerne dazulernen und sich für ihre Zukunft engagieren möchten, finden bei EFAFLEX viele spannende Möglichkeiten. Werkstudenten sammeln bei uns erste Berufserfahrungen, Absolventen beginnen ihren ersten Job.</p>
<p>Wir bieten viele verschiedene Ausbildungsmöglichkeiten und unterstützen auch dich beim Einstieg ins Berufsleben.</p>
</div>
            <div class="flex-box-thirty"></div>
        </div>
    </div>
</div>



<div style="height:100px" aria-hidden="true" class="wp-block-spacer"></div>





<div class="dreispaltig-bild-text-aufzaehlung">
    <div class="inner">
        <h2>Deine Entwicklungsmöglichkeiten</h2>
        <div class="custom-flex-box">
                            
                    <div class="flex-box-thirty single-block">
                        <div class="bild-box">
                                                                                        <img decoding="async" src="https://www.efaflex.com/wp-content/uploads/2022/07/werkstudent-entwicklungsmoeglichkeiten-karriere-efaflex.png" alt="" />
                                                    </div>
                        <h3 class="medium-h2">Für Werkstudenten bieten wir an:</h3>

                                                    <ul>
                                                                                                            <li>Kennenlernen unterschiedlicher Abteilungen</li>
                                                                            <li>Unterstützung des Teams bei der alltäglichen Arbeit</li>
                                                                            <li>Teilnahme an Team-Events</li>
                                                                                                </ul>

                        

                    </div>

                
                    <div class="flex-box-thirty single-block">
                        <div class="bild-box">
                                                                                        <img decoding="async" src="https://www.efaflex.com/wp-content/uploads/2022/07/absolvent-entwicklungsmoeglichkeiten-karriere-efaflex-1.png" alt="" />
                                                    </div>
                        <h3 class="medium-h2">Absolventen schätzen bei EFAFLEX:</h3>

                                                    <ul>
                                                                                                            <li>Spannende Aufgabenbereiche für Berufseinsteiger </li>
                                                                            <li>Weiterentwicklung</li>
                                                                            <li>Aufstiegsmöglichkeiten</li>
                                                                                                </ul>

                        

                    </div>

                                    </div>
    </div>
</div>


<div style="height:100px" aria-hidden="true" class="wp-block-spacer"></div>





<div id="ausgabe-der-stellenangebote-block_53758cf9ef552e19b4c3826adac556ea" class="block-ausgabe-der-stellenangebote inner">

    <div class="custom-flex-box">
                                <div class="offene-stellenangebote--stelle flex-box-fifty">
                <h2>Werkstudent Grafikdesign / Marketing (m/w/d) – Bruckberg</h2>
                <a class="load-more-button" href="https://www.efaflex.com/de/stellenangebote/werkstudent-grafikdesign-marketing-m-w-d-bruckberg/">Jobbeschreibung</a>
            </div>
            </div>
</div>


<div style="height:100px" aria-hidden="true" class="wp-block-spacer"></div>



<div id="benefits-modul-block_d97a524821d984184627515002b7684b" class="benefits-modul inner">
    <h2>Auf einen Blick:</h2>
            <div class="custom-flex-box">
                            <div class="flex-box-fifty benefits-modul--benefit">
                    <img decoding="async" width="49" height="49" src="https://www.efaflex.com/wp-content/themes/efaflex/assets/img/benefits-check.svg" alt="Benefits Check Icon">
                    <div>
                        Gute Übernahmechancen                                            </div>
                </div>
                            <div class="flex-box-fifty benefits-modul--benefit">
                    <img decoding="async" width="49" height="49" src="https://www.efaflex.com/wp-content/themes/efaflex/assets/img/benefits-check.svg" alt="Benefits Check Icon">
                    <div>
                        Umfangreiche Einarbeitung                                            </div>
                </div>
                            <div class="flex-box-fifty benefits-modul--benefit">
                    <img decoding="async" width="49" height="49" src="https://www.efaflex.com/wp-content/themes/efaflex/assets/img/benefits-check.svg" alt="Benefits Check Icon">
                    <div>
                        Weiterbildungsmöglichkeiten                                            </div>
                </div>
                            <div class="flex-box-fifty benefits-modul--benefit">
                    <img decoding="async" width="49" height="49" src="https://www.efaflex.com/wp-content/themes/efaflex/assets/img/benefits-check.svg" alt="Benefits Check Icon">
                    <div>
                        Teilnahme an Teamevents                                            </div>
                </div>
                    </div>
        <div class="benefits-modul--links">
                                    </div>
</div>


<div style="height:100px" aria-hidden="true" class="wp-block-spacer"></div>



<div id="headline-zweizeilig-block_b90979c6374f4c06c70fab9b968e83d6" class="headline-zweizeilig headline-zweizeilig-zentriert inner smalltext">
    <p>Interesse geweckt? Dann bewirb Dich jetzt bei <span class="highlighted">EFAFLEX:</span></p>
            </div>



<div style="height:100px" aria-hidden="true" class="wp-block-spacer"></div>




<div id="bild-text-modul-rechts-zweizeilig-block_93933c73fc0822daae3f2a1a89a9122d" class="bild-text-modul-zweizeilig-container">
            


            
                                    

                            <div class="bild-text-modul-links-zweizeilig bild-text-modul-zweizeilig">
                                <div class="custom-flex-box-no-margin">

                                    <div class="flex-box-fifty-no-margin bild-container">
                                                                                                                                                                                                                                                                                        <img decoding="async" width="960" height="720" src="https://www.efaflex.com/wp-content/uploads/2022/07/Digitales_Tor_Tablet_A3-8.jpg" class="attachment-full size-full" alt="" srcset="https://www.efaflex.com/wp-content/uploads/2022/07/Digitales_Tor_Tablet_A3-8.jpg 960w, https://www.efaflex.com/wp-content/uploads/2022/07/Digitales_Tor_Tablet_A3-8-300x225.jpg 300w, https://www.efaflex.com/wp-content/uploads/2022/07/Digitales_Tor_Tablet_A3-8-768x576.jpg 768w" sizes="(max-width: 960px) 100vw, 960px" />                                                                                                                                                                        </div>

                                    <div class="flex-box-fifty-no-margin text-container">
                                        <div class="text-container-flex">
                                            <div class="text-inner">
                                                                                                                                                            <div class="text-left-border">
                                                            <div class="text-cut">
                                                                
                                                                                                                                    <h3 class="headline-two medium-h2">Ihre Ansprechpartnerin.</h3>                                                                
<!--                                                                <h2 class="medium-h2">--><!--</h2>-->
                                                                <p class="normal-font">Name: Beate Hammerl<br />
E-Mail: karriere@efaflex.com</p>
                                                            </div>
                                                            <div class="button-box">
                                                                                                                                                                                            </div>
                                                        </div>
                                                                                                                                                </div>
                                        </div>
                                    </div>
                                </div>
                            </div>

                                    
            

        


    </div>


<div style="height:100px" aria-hidden="true" class="wp-block-spacer"></div>



<div id="headline-zweizeilig-block_629769204e4d3" class="headline-zweizeilig headline-zweizeilig-zentriert inner smalltext">
    <p>Nicht das Passende für Sie dabei? Dann freuen wir uns über Ihre <span class="highlighted">Initiativbewerbung!</span></p>
                    <a class="load-more-button" href="https://www.efaflex.com/de/karriere/offene-stellen-initiativbewerbung/initiativbewerbung/" target="_blank">Zur Initiativbewerbung</a>
    </div>



<div style="height:100px" aria-hidden="true" class="wp-block-spacer"></div>
