{"id":21042,"date":"2023-04-13T12:04:56","date_gmt":"2023-04-13T10:04:56","guid":{"rendered":"https:\/\/www.efaflex.com\/press\/press-images\/pressebilder-produkte\/pressebilder-peripherie-und-zubehoer\/pressebilder-peripherie-und-zubehoer-tor-steuerung\/"},"modified":"2026-01-07T08:15:39","modified_gmt":"2026-01-07T07:15:39","slug":"images-de-presse-peripherie-et-accessoires-commande-de-la-porte","status":"publish","type":"page","link":"https:\/\/www.efaflex.com\/fr\/presser\/images-de-presse\/images-de-presse-produits\/images-de-presse-peripherie-et-accessoires\/images-de-presse-peripherie-et-accessoires-commande-de-la-porte\/","title":{"rendered":"Images de presse p\u00e9riph\u00e9rie et accessoires commande de la porte"},"content":{"rendered":"\r\n\r\n<div id=\"breadcrump-block_26f18ef90814e4a25b3925a2c0b5ed97\" class=\"inner\">\r\n        <nav class=\"breadcrumb\"><a href=\"https:\/\/www.efaflex.com\/fr\/\">Page d&#8217;accueil<\/a> \/ <span class=\"current-page\">Page<\/span><\/nav>    <\/div>\n\n\n<div style=\"height:100px\" aria-hidden=\"true\" class=\"wp-block-spacer\"><\/div>\n\n\n\r\n\r\n<div id=\"textmodul-3-spalten-block_bc9668ce53aaf3938071089c62113b7c\" class=\"textmodul-3-spalten\">\r\n    <div class=\"inner\">\r\n        <div class=\"custom-flex-box\">\r\n                            <h1 class=\"flex-box-thirty break headline-two\">Mat\u00e9riel de presse \u00e0 t\u00e9l\u00e9charger<br \/>\r\n<\/h1>                        <div class=\"flex-box-thirty\"><p>Nos images et vid\u00e9os peuvent \u00eatre t\u00e9l\u00e9charg\u00e9es ici.<\/p>\n<\/div>\r\n            <div class=\"flex-box-thirty\"><\/div>\r\n        <\/div>\r\n    <\/div>\r\n<\/div>\r\n\n\n\n<div style=\"height:100px\" aria-hidden=\"true\" class=\"wp-block-spacer\"><\/div>\n\n\n\r\n<div class=\"inner\">\r\n    <div id=\"bild-text-modul-1-4-block_0c4b932a5be5f024f26dc863c0d32112\" class=\"themen-container custom-flex-box\">\r\n                                    <div class=\"thema-box flex-box-twentyfive\">\r\n                                            <div class=\"bild-box\">\r\n                                                                                                                    <img decoding=\"async\" width=\"1246\" height=\"966\" src=\"https:\/\/www.efaflex.com\/wp-content\/uploads\/2022\/07\/peripherie-zubehoer-industrietore-tor-steuerung-produkte-header-efaflex.jpg\" class=\"attachment-thementease-thumbnail size-thementease-thumbnail\" alt=\"\" srcset=\"https:\/\/www.efaflex.com\/wp-content\/uploads\/2022\/07\/peripherie-zubehoer-industrietore-tor-steuerung-produkte-header-efaflex.jpg 1246w, https:\/\/www.efaflex.com\/wp-content\/uploads\/2022\/07\/peripherie-zubehoer-industrietore-tor-steuerung-produkte-header-efaflex-300x233.jpg 300w, https:\/\/www.efaflex.com\/wp-content\/uploads\/2022\/07\/peripherie-zubehoer-industrietore-tor-steuerung-produkte-header-efaflex-1024x794.jpg 1024w, https:\/\/www.efaflex.com\/wp-content\/uploads\/2022\/07\/peripherie-zubehoer-industrietore-tor-steuerung-produkte-header-efaflex-768x595.jpg 768w\" sizes=\"(max-width: 1246px) 100vw, 1246px\" \/>                                                    <\/div>\r\n                                        <h2 class=\"headline-two\">\r\n                                                    <span>Commande de la porte<\/span>\r\n                                                Commande de porte EFA-TRONIC\u00ae                    <\/h2>\r\n                    <p class=\"normal-font\"><\/p>\r\n                                                                                                                                                                                                        <a href=\"https:\/\/www.efaflex.com\/wp-content\/uploads\/2023\/04\/efaflex-efa-tronic-tor-steuerung-2.jpg\" class=\"load-more-button\">\r\n                                    T\u00e9l\u00e9charger Web (72dpi)                                <\/a>\r\n                                                                                                                                                                        <a href=\"https:\/\/www.efaflex.com\/wp-content\/uploads\/2023\/04\/efaflex-efa-tronic-tor-steuerung-1.jpg\" class=\"load-more-button\">\r\n                                    T\u00e9l\u00e9charger Print (300dpi)                                <\/a>\r\n                                                                                        <\/div>\r\n                        <\/div>\r\n<\/div>\n\n\n<div style=\"height:100px\" aria-hidden=\"true\" class=\"wp-block-spacer\"><\/div>\n","protected":false},"excerpt":{"rendered":"","protected":false},"author":6,"featured_media":0,"parent":21041,"menu_order":0,"comment_status":"closed","ping_status":"closed","template":"","meta":{"_acf_changed":false,"footnotes":""},"categories":[],"tags":[],"class_list":["post-21042","page","type-page","status-publish","hentry"],"acf":[],"_links":{"self":[{"href":"https:\/\/www.efaflex.com\/fr\/wp-json\/wp\/v2\/pages\/21042","targetHints":{"allow":["GET"]}}],"collection":[{"href":"https:\/\/www.efaflex.com\/fr\/wp-json\/wp\/v2\/pages"}],"about":[{"href":"https:\/\/www.efaflex.com\/fr\/wp-json\/wp\/v2\/types\/page"}],"author":[{"embeddable":true,"href":"https:\/\/www.efaflex.com\/fr\/wp-json\/wp\/v2\/users\/6"}],"replies":[{"embeddable":true,"href":"https:\/\/www.efaflex.com\/fr\/wp-json\/wp\/v2\/comments?post=21042"}],"version-history":[{"count":3,"href":"https:\/\/www.efaflex.com\/fr\/wp-json\/wp\/v2\/pages\/21042\/revisions"}],"predecessor-version":[{"id":35450,"href":"https:\/\/www.efaflex.com\/fr\/wp-json\/wp\/v2\/pages\/21042\/revisions\/35450"}],"up":[{"embeddable":true,"href":"https:\/\/www.efaflex.com\/fr\/wp-json\/wp\/v2\/pages\/21041"}],"wp:attachment":[{"href":"https:\/\/www.efaflex.com\/fr\/wp-json\/wp\/v2\/media?parent=21042"}],"wp:term":[{"taxonomy":"category","embeddable":true,"href":"https:\/\/www.efaflex.com\/fr\/wp-json\/wp\/v2\/categories?post=21042"},{"taxonomy":"post_tag","embeddable":true,"href":"https:\/\/www.efaflex.com\/fr\/wp-json\/wp\/v2\/tags?post=21042"}],"curies":[{"name":"wp","href":"https:\/\/api.w.org\/{rel}","templated":true}]}}

Images de presse périphérie et accessoires commande de la porte

<div id="breadcrump-block_26f18ef90814e4a25b3925a2c0b5ed97" class="inner">
        <nav class="breadcrumb"><a href="https://www.efaflex.com/fr/">Page d&#8217;accueil</a> / <span class="current-page">Page</span></nav>    </div>


<div style="height:100px" aria-hidden="true" class="wp-block-spacer"></div>




<div id="textmodul-3-spalten-block_bc9668ce53aaf3938071089c62113b7c" class="textmodul-3-spalten">
    <div class="inner">
        <div class="custom-flex-box">
                            <h1 class="flex-box-thirty break headline-two">Matériel de presse à télécharger<br />
</h1>                        <div class="flex-box-thirty"><p>Nos images et vidéos peuvent être téléchargées ici.</p>
</div>
            <div class="flex-box-thirty"></div>
        </div>
    </div>
</div>



<div style="height:100px" aria-hidden="true" class="wp-block-spacer"></div>



<div class="inner">
    <div id="bild-text-modul-1-4-block_0c4b932a5be5f024f26dc863c0d32112" class="themen-container custom-flex-box">
                                    <div class="thema-box flex-box-twentyfive">
                                            <div class="bild-box">
                                                                                                                    <img decoding="async" width="1246" height="966" src="https://www.efaflex.com/wp-content/uploads/2022/07/peripherie-zubehoer-industrietore-tor-steuerung-produkte-header-efaflex.jpg" class="attachment-thementease-thumbnail size-thementease-thumbnail" alt="" srcset="https://www.efaflex.com/wp-content/uploads/2022/07/peripherie-zubehoer-industrietore-tor-steuerung-produkte-header-efaflex.jpg 1246w, https://www.efaflex.com/wp-content/uploads/2022/07/peripherie-zubehoer-industrietore-tor-steuerung-produkte-header-efaflex-300x233.jpg 300w, https://www.efaflex.com/wp-content/uploads/2022/07/peripherie-zubehoer-industrietore-tor-steuerung-produkte-header-efaflex-1024x794.jpg 1024w, https://www.efaflex.com/wp-content/uploads/2022/07/peripherie-zubehoer-industrietore-tor-steuerung-produkte-header-efaflex-768x595.jpg 768w" sizes="(max-width: 1246px) 100vw, 1246px" />                                                    </div>
                                        <h2 class="headline-two">
                                                    <span>Commande de la porte</span>
                                                Commande de porte EFA-TRONIC®                    </h2>
                    <p class="normal-font"></p>
                                                                                                                                                                                                        <a href="https://www.efaflex.com/wp-content/uploads/2023/04/efaflex-efa-tronic-tor-steuerung-2.jpg" class="load-more-button">
                                    Télécharger Web (72dpi)                                </a>
                                                                                                                                                                        <a href="https://www.efaflex.com/wp-content/uploads/2023/04/efaflex-efa-tronic-tor-steuerung-1.jpg" class="load-more-button">
                                    Télécharger Print (300dpi)                                </a>
                                                                                        </div>
                        </div>
</div>


<div style="height:100px" aria-hidden="true" class="wp-block-spacer"></div>
