{"id":21044,"date":"2023-04-13T11:33:06","date_gmt":"2023-04-13T09:33:06","guid":{"rendered":"https:\/\/www.efaflex.com\/press\/press-images\/pressebilder-produkte\/pressebilder-peripherie-und-zubehoer\/pressebilder-peripherie-und-zubehoer-sensorik-und-sicherheit\/"},"modified":"2026-01-07T08:16:16","modified_gmt":"2026-01-07T07:16:16","slug":"images-de-presse-peripherie-et-accessoires-capteurs-et-securite","status":"publish","type":"page","link":"https:\/\/www.efaflex.com\/fr\/presser\/images-de-presse\/images-de-presse-produits\/images-de-presse-peripherie-et-accessoires\/images-de-presse-peripherie-et-accessoires-capteurs-et-securite\/","title":{"rendered":"Images de presse p\u00e9riph\u00e9rie et accessoires Capteurs et s\u00e9curit\u00e9"},"content":{"rendered":"\r\n\r\n<div id=\"breadcrump-block_a8227b3010c762b4d9a7e7c85a736e10\" class=\"inner\">\r\n        <nav class=\"breadcrumb\"><a href=\"https:\/\/www.efaflex.com\/fr\/\">Page d&#8217;accueil<\/a> \/ <span class=\"current-page\">Page<\/span><\/nav>    <\/div>\n\n\n<div style=\"height:100px\" aria-hidden=\"true\" class=\"wp-block-spacer\"><\/div>\n\n\n\r\n\r\n<div id=\"textmodul-3-spalten-block_a14b3d6a1098b678a562a5c16d50a570\" class=\"textmodul-3-spalten\">\r\n    <div class=\"inner\">\r\n        <div class=\"custom-flex-box\">\r\n                            <h1 class=\"flex-box-thirty break headline-two\">Mat\u00e9riel de presse \u00e0 t\u00e9l\u00e9charger<br \/>\r\n<\/h1>                        <div class=\"flex-box-thirty\"><p>Nos images et vid\u00e9os peuvent \u00eatre t\u00e9l\u00e9charg\u00e9es ici.<\/p>\n<\/div>\r\n            <div class=\"flex-box-thirty\"><\/div>\r\n        <\/div>\r\n    <\/div>\r\n<\/div>\r\n\n\n\n<div style=\"height:100px\" aria-hidden=\"true\" class=\"wp-block-spacer\"><\/div>\n\n\n\r\n<div class=\"inner\">\r\n    <div id=\"bild-text-modul-1-4-block_960e60dac74b8faccb9703e1438eca74\" class=\"themen-container custom-flex-box\">\r\n                                    <div class=\"thema-box flex-box-twentyfive\">\r\n                                            <div class=\"bild-box\">\r\n                                                                                                                    <img decoding=\"async\" src=\"https:\/\/www.efaflex.com\/wp-content\/uploads\/2022\/06\/peripherie-zubehoer-industrietore-efa-scan-lasercanner-vorschau-efaflex.jpg\" class=\"attachment-thementease-thumbnail size-thementease-thumbnail\" alt=\"\" \/>                                                    <\/div>\r\n                                        <h2 class=\"headline-two\">\r\n                                                    <span>Capteurs et s\u00e9curit\u00e9<\/span>\r\n                                                Scanner laser EFA-SCAN\u00ae                     <\/h2>\r\n                    <p class=\"normal-font\"><\/p>\r\n                                                                                                                                                                                                        <a href=\"https:\/\/www.efaflex.com\/wp-content\/uploads\/2023\/04\/efaflex-efa-scan-laserscanner-21.png\" class=\"load-more-button\">\r\n                                    T\u00e9l\u00e9charger Web (72dpi)                                <\/a>\r\n                                                                                                                                                                        <a href=\"https:\/\/www.efaflex.com\/wp-content\/uploads\/2023\/04\/efaflex-efa-scan-laserscanner-21-1.png\" class=\"load-more-button\">\r\n                                    T\u00e9l\u00e9charger Print (300dpi)                                <\/a>\r\n                                                                                        <\/div>\r\n                            <div class=\"thema-box flex-box-twentyfive\">\r\n                                            <div class=\"bild-box\">\r\n                                                                                                                    <img decoding=\"async\" src=\"https:\/\/www.efaflex.com\/wp-content\/uploads\/2022\/06\/peripherie-zubehoer-industrietore-efa-tlg-tor-lichtgitter-produkte-header-efaflex-1.jpg\" class=\"attachment-thementease-thumbnail size-thementease-thumbnail\" alt=\"\" \/>                                                    <\/div>\r\n                                        <h2 class=\"headline-two\">\r\n                                                    <span>Capteurs et s\u00e9curit\u00e9<\/span>\r\n                                                Barri\u00e8re lumineuse EFA-TLG\u00ae                     <\/h2>\r\n                    <p class=\"normal-font\"><\/p>\r\n                                                                                                                                                                                                        <a href=\"https:\/\/www.efaflex.com\/wp-content\/uploads\/2023\/04\/efaflex-efa-tlg4-tor-lichgitter_web.jpg\" class=\"load-more-button\">\r\n                                    T\u00e9l\u00e9charger Print (72dpi)                                <\/a>\r\n                                                                                                                                                                        <a href=\"https:\/\/www.efaflex.com\/wp-content\/uploads\/2023\/04\/efaflex-efa-tlg4-tor-lichgitter.jpg\" class=\"load-more-button\">\r\n                                    T\u00e9l\u00e9charger Print (300dpi)                                <\/a>\r\n                                                                                        <\/div>\r\n                            <div class=\"thema-box flex-box-twentyfive\">\r\n                                            <div class=\"bild-box\">\r\n                                                                                                                    <img decoding=\"async\" width=\"1920\" height=\"1280\" src=\"https:\/\/www.efaflex.com\/wp-content\/uploads\/2022\/06\/peripherie-zubehoer-industrietore-sensoren-melder-ixio-seitliche-ansicht-efaflex.jpg\" class=\"attachment-thementease-thumbnail size-thementease-thumbnail\" alt=\"\" srcset=\"https:\/\/www.efaflex.com\/wp-content\/uploads\/2022\/06\/peripherie-zubehoer-industrietore-sensoren-melder-ixio-seitliche-ansicht-efaflex.jpg 1920w, https:\/\/www.efaflex.com\/wp-content\/uploads\/2022\/06\/peripherie-zubehoer-industrietore-sensoren-melder-ixio-seitliche-ansicht-efaflex-300x200.jpg 300w, https:\/\/www.efaflex.com\/wp-content\/uploads\/2022\/06\/peripherie-zubehoer-industrietore-sensoren-melder-ixio-seitliche-ansicht-efaflex-1024x683.jpg 1024w, https:\/\/www.efaflex.com\/wp-content\/uploads\/2022\/06\/peripherie-zubehoer-industrietore-sensoren-melder-ixio-seitliche-ansicht-efaflex-768x512.jpg 768w, https:\/\/www.efaflex.com\/wp-content\/uploads\/2022\/06\/peripherie-zubehoer-industrietore-sensoren-melder-ixio-seitliche-ansicht-efaflex-1536x1024.jpg 1536w, https:\/\/www.efaflex.com\/wp-content\/uploads\/2022\/06\/peripherie-zubehoer-industrietore-sensoren-melder-ixio-seitliche-ansicht-efaflex-382x254.jpg 382w\" sizes=\"(max-width: 1920px) 100vw, 1920px\" \/>                                                    <\/div>\r\n                                        <h2 class=\"headline-two\">\r\n                                                    <span>Capteurs et s\u00e9curit\u00e9<\/span>\r\n                                                Capteurs et d\u00e9tecteurs.                    <\/h2>\r\n                    <p class=\"normal-font\"><\/p>\r\n                                                                                                                                                                                                        <a href=\"https:\/\/www.efaflex.com\/wp-content\/uploads\/2023\/04\/ixio-d-3-4-web.png\" class=\"load-more-button\">\r\n                                    T\u00e9l\u00e9charger le PDF                                <\/a>\r\n                                                                                                                                                                        <a href=\"https:\/\/www.efaflex.com\/wp-content\/uploads\/2023\/04\/ixio-d-3-4-web-1.png\" class=\"load-more-button\">\r\n                                    T\u00e9l\u00e9charger le PDF                                <\/a>\r\n                                                                                        <\/div>\r\n                            <div class=\"thema-box flex-box-twentyfive\">\r\n                                            <div class=\"bild-box\">\r\n                                                                                                                    <img decoding=\"async\" width=\"696\" height=\"516\" src=\"https:\/\/www.efaflex.com\/wp-content\/uploads\/2023\/04\/efaflex-clear-wave.png\" class=\"attachment-thementease-thumbnail size-thementease-thumbnail\" alt=\"\" srcset=\"https:\/\/www.efaflex.com\/wp-content\/uploads\/2023\/04\/efaflex-clear-wave.png 696w, https:\/\/www.efaflex.com\/wp-content\/uploads\/2023\/04\/efaflex-clear-wave-300x222.png 300w\" sizes=\"(max-width: 696px) 100vw, 696px\" \/>                                                    <\/div>\r\n                                        <h2 class=\"headline-two\">\r\n                                                    <span>Capteurs et s\u00e9curit\u00e9<\/span>\r\n                                                Syst\u00e8mes d&#8217;ouverture sans contact                    <\/h2>\r\n                    <p class=\"normal-font\"><\/p>\r\n                                                                                                                                                                                                        <a href=\"https:\/\/www.efaflex.com\/wp-content\/uploads\/2023\/04\/efaflex-clear-wave_web.jpg\" class=\"load-more-button\">\r\n                                    T\u00e9l\u00e9charger Print (72dpi)                                <\/a>\r\n                                                                                                                                                                        <a href=\"https:\/\/www.efaflex.com\/wp-content\/uploads\/2023\/04\/efaflex-clear-wave-1.png\" class=\"load-more-button\">\r\n                                    T\u00e9l\u00e9charger Print (300dpi)                                <\/a>\r\n                                                                                        <\/div>\r\n                        <\/div>\r\n<\/div>\n\n\n<div style=\"height:100px\" aria-hidden=\"true\" class=\"wp-block-spacer\"><\/div>\n","protected":false},"excerpt":{"rendered":"","protected":false},"author":6,"featured_media":0,"parent":21041,"menu_order":0,"comment_status":"closed","ping_status":"closed","template":"","meta":{"_acf_changed":false,"footnotes":""},"categories":[],"tags":[],"class_list":["post-21044","page","type-page","status-publish","hentry"],"acf":[],"_links":{"self":[{"href":"https:\/\/www.efaflex.com\/fr\/wp-json\/wp\/v2\/pages\/21044","targetHints":{"allow":["GET"]}}],"collection":[{"href":"https:\/\/www.efaflex.com\/fr\/wp-json\/wp\/v2\/pages"}],"about":[{"href":"https:\/\/www.efaflex.com\/fr\/wp-json\/wp\/v2\/types\/page"}],"author":[{"embeddable":true,"href":"https:\/\/www.efaflex.com\/fr\/wp-json\/wp\/v2\/users\/6"}],"replies":[{"embeddable":true,"href":"https:\/\/www.efaflex.com\/fr\/wp-json\/wp\/v2\/comments?post=21044"}],"version-history":[{"count":3,"href":"https:\/\/www.efaflex.com\/fr\/wp-json\/wp\/v2\/pages\/21044\/revisions"}],"predecessor-version":[{"id":35451,"href":"https:\/\/www.efaflex.com\/fr\/wp-json\/wp\/v2\/pages\/21044\/revisions\/35451"}],"up":[{"embeddable":true,"href":"https:\/\/www.efaflex.com\/fr\/wp-json\/wp\/v2\/pages\/21041"}],"wp:attachment":[{"href":"https:\/\/www.efaflex.com\/fr\/wp-json\/wp\/v2\/media?parent=21044"}],"wp:term":[{"taxonomy":"category","embeddable":true,"href":"https:\/\/www.efaflex.com\/fr\/wp-json\/wp\/v2\/categories?post=21044"},{"taxonomy":"post_tag","embeddable":true,"href":"https:\/\/www.efaflex.com\/fr\/wp-json\/wp\/v2\/tags?post=21044"}],"curies":[{"name":"wp","href":"https:\/\/api.w.org\/{rel}","templated":true}]}}

Images de presse périphérie et accessoires Capteurs et sécurité

<div id="breadcrump-block_a8227b3010c762b4d9a7e7c85a736e10" class="inner">
        <nav class="breadcrumb"><a href="https://www.efaflex.com/fr/">Page d&#8217;accueil</a> / <span class="current-page">Page</span></nav>    </div>


<div style="height:100px" aria-hidden="true" class="wp-block-spacer"></div>




<div id="textmodul-3-spalten-block_a14b3d6a1098b678a562a5c16d50a570" class="textmodul-3-spalten">
    <div class="inner">
        <div class="custom-flex-box">
                            <h1 class="flex-box-thirty break headline-two">Matériel de presse à télécharger<br />
</h1>                        <div class="flex-box-thirty"><p>Nos images et vidéos peuvent être téléchargées ici.</p>
</div>
            <div class="flex-box-thirty"></div>
        </div>
    </div>
</div>



<div style="height:100px" aria-hidden="true" class="wp-block-spacer"></div>



<div class="inner">
    <div id="bild-text-modul-1-4-block_960e60dac74b8faccb9703e1438eca74" class="themen-container custom-flex-box">
                                    <div class="thema-box flex-box-twentyfive">
                                            <div class="bild-box">
                                                                                                                    <img decoding="async" src="https://www.efaflex.com/wp-content/uploads/2022/06/peripherie-zubehoer-industrietore-efa-scan-lasercanner-vorschau-efaflex.jpg" class="attachment-thementease-thumbnail size-thementease-thumbnail" alt="" />                                                    </div>
                                        <h2 class="headline-two">
                                                    <span>Capteurs et sécurité</span>
                                                Scanner laser EFA-SCAN®                     </h2>
                    <p class="normal-font"></p>
                                                                                                                                                                                                        <a href="https://www.efaflex.com/wp-content/uploads/2023/04/efaflex-efa-scan-laserscanner-21.png" class="load-more-button">
                                    Télécharger Web (72dpi)                                </a>
                                                                                                                                                                        <a href="https://www.efaflex.com/wp-content/uploads/2023/04/efaflex-efa-scan-laserscanner-21-1.png" class="load-more-button">
                                    Télécharger Print (300dpi)                                </a>
                                                                                        </div>
                            <div class="thema-box flex-box-twentyfive">
                                            <div class="bild-box">
                                                                                                                    <img decoding="async" src="https://www.efaflex.com/wp-content/uploads/2022/06/peripherie-zubehoer-industrietore-efa-tlg-tor-lichtgitter-produkte-header-efaflex-1.jpg" class="attachment-thementease-thumbnail size-thementease-thumbnail" alt="" />                                                    </div>
                                        <h2 class="headline-two">
                                                    <span>Capteurs et sécurité</span>
                                                Barrière lumineuse EFA-TLG®                     </h2>
                    <p class="normal-font"></p>
                                                                                                                                                                                                        <a href="https://www.efaflex.com/wp-content/uploads/2023/04/efaflex-efa-tlg4-tor-lichgitter_web.jpg" class="load-more-button">
                                    Télécharger Print (72dpi)                                </a>
                                                                                                                                                                        <a href="https://www.efaflex.com/wp-content/uploads/2023/04/efaflex-efa-tlg4-tor-lichgitter.jpg" class="load-more-button">
                                    Télécharger Print (300dpi)                                </a>
                                                                                        </div>
                            <div class="thema-box flex-box-twentyfive">
                                            <div class="bild-box">
                                                                                                                    <img decoding="async" width="1920" height="1280" src="https://www.efaflex.com/wp-content/uploads/2022/06/peripherie-zubehoer-industrietore-sensoren-melder-ixio-seitliche-ansicht-efaflex.jpg" class="attachment-thementease-thumbnail size-thementease-thumbnail" alt="" srcset="https://www.efaflex.com/wp-content/uploads/2022/06/peripherie-zubehoer-industrietore-sensoren-melder-ixio-seitliche-ansicht-efaflex.jpg 1920w, https://www.efaflex.com/wp-content/uploads/2022/06/peripherie-zubehoer-industrietore-sensoren-melder-ixio-seitliche-ansicht-efaflex-300x200.jpg 300w, https://www.efaflex.com/wp-content/uploads/2022/06/peripherie-zubehoer-industrietore-sensoren-melder-ixio-seitliche-ansicht-efaflex-1024x683.jpg 1024w, https://www.efaflex.com/wp-content/uploads/2022/06/peripherie-zubehoer-industrietore-sensoren-melder-ixio-seitliche-ansicht-efaflex-768x512.jpg 768w, https://www.efaflex.com/wp-content/uploads/2022/06/peripherie-zubehoer-industrietore-sensoren-melder-ixio-seitliche-ansicht-efaflex-1536x1024.jpg 1536w, https://www.efaflex.com/wp-content/uploads/2022/06/peripherie-zubehoer-industrietore-sensoren-melder-ixio-seitliche-ansicht-efaflex-382x254.jpg 382w" sizes="(max-width: 1920px) 100vw, 1920px" />                                                    </div>
                                        <h2 class="headline-two">
                                                    <span>Capteurs et sécurité</span>
                                                Capteurs et détecteurs.                    </h2>
                    <p class="normal-font"></p>
                                                                                                                                                                                                        <a href="https://www.efaflex.com/wp-content/uploads/2023/04/ixio-d-3-4-web.png" class="load-more-button">
                                    Télécharger le PDF                                </a>
                                                                                                                                                                        <a href="https://www.efaflex.com/wp-content/uploads/2023/04/ixio-d-3-4-web-1.png" class="load-more-button">
                                    Télécharger le PDF                                </a>
                                                                                        </div>
                            <div class="thema-box flex-box-twentyfive">
                                            <div class="bild-box">
                                                                                                                    <img decoding="async" width="696" height="516" src="https://www.efaflex.com/wp-content/uploads/2023/04/efaflex-clear-wave.png" class="attachment-thementease-thumbnail size-thementease-thumbnail" alt="" srcset="https://www.efaflex.com/wp-content/uploads/2023/04/efaflex-clear-wave.png 696w, https://www.efaflex.com/wp-content/uploads/2023/04/efaflex-clear-wave-300x222.png 300w" sizes="(max-width: 696px) 100vw, 696px" />                                                    </div>
                                        <h2 class="headline-two">
                                                    <span>Capteurs et sécurité</span>
                                                Systèmes d&#8217;ouverture sans contact                    </h2>
                    <p class="normal-font"></p>
                                                                                                                                                                                                        <a href="https://www.efaflex.com/wp-content/uploads/2023/04/efaflex-clear-wave_web.jpg" class="load-more-button">
                                    Télécharger Print (72dpi)                                </a>
                                                                                                                                                                        <a href="https://www.efaflex.com/wp-content/uploads/2023/04/efaflex-clear-wave-1.png" class="load-more-button">
                                    Télécharger Print (300dpi)                                </a>
                                                                                        </div>
                        </div>
</div>


<div style="height:100px" aria-hidden="true" class="wp-block-spacer"></div>
