{"id":21059,"date":"2023-04-13T12:02:55","date_gmt":"2023-04-13T10:02:55","guid":{"rendered":"https:\/\/www.efaflex.com\/press\/press-images\/pressebilder-produkte\/pressebilder-rolltore\/pressebilder-rolltore-serie-cr\/"},"modified":"2026-01-07T09:02:19","modified_gmt":"2026-01-07T08:02:19","slug":"images-de-presse-portes-a-enroulement-serie-cr","status":"publish","type":"page","link":"https:\/\/www.efaflex.com\/fr\/presser\/images-de-presse\/images-de-presse-produits\/images-de-presse-portes-a-enroulement\/images-de-presse-portes-a-enroulement-serie-cr\/","title":{"rendered":"Images de presse portes \u00e0 enroulement S\u00e9rie CR"},"content":{"rendered":"\r\n\r\n<div id=\"breadcrump-block_0a8bf9023f858b1c392623eb780fd464\" class=\"inner\">\r\n        <nav class=\"breadcrumb\"><a href=\"https:\/\/www.efaflex.com\/fr\/\">Page d&#8217;accueil<\/a> \/ <span class=\"current-page\">Page<\/span><\/nav>    <\/div>\n\n\n<div style=\"height:100px\" aria-hidden=\"true\" class=\"wp-block-spacer\"><\/div>\n\n\n\r\n\r\n<div id=\"textmodul-3-spalten-block_0893c9b697b56e3aa5d21187a73ea235\" class=\"textmodul-3-spalten\">\r\n    <div class=\"inner\">\r\n        <div class=\"custom-flex-box\">\r\n                            <h1 class=\"flex-box-thirty break headline-two\">Mat\u00e9riel de presse \u00e0 t\u00e9l\u00e9charger<br \/>\r\n<\/h1>                        <div class=\"flex-box-thirty\"><p>Nos images et vid\u00e9os peuvent \u00eatre t\u00e9l\u00e9charg\u00e9es ici.<\/p>\n<\/div>\r\n            <div class=\"flex-box-thirty\"><\/div>\r\n        <\/div>\r\n    <\/div>\r\n<\/div>\r\n\n\n\n<div style=\"height:100px\" aria-hidden=\"true\" class=\"wp-block-spacer\"><\/div>\n\n\n\r\n<div class=\"inner\">\r\n    <div id=\"bild-text-modul-1-4-block_3cc314d4e70ad11b9067aa33f9bcf8bb\" class=\"themen-container custom-flex-box\">\r\n                                    <div class=\"thema-box flex-box-twentyfive\">\r\n                                            <div class=\"bild-box\">\r\n                                                                                                                    <img decoding=\"async\" width=\"1920\" height=\"1278\" src=\"https:\/\/www.efaflex.com\/wp-content\/uploads\/2023\/04\/efaflex-efa-srt-cr-premium-glatt-01.jpg\" class=\"attachment-thementease-thumbnail size-thementease-thumbnail\" alt=\"\" srcset=\"https:\/\/www.efaflex.com\/wp-content\/uploads\/2023\/04\/efaflex-efa-srt-cr-premium-glatt-01.jpg 1920w, https:\/\/www.efaflex.com\/wp-content\/uploads\/2023\/04\/efaflex-efa-srt-cr-premium-glatt-01-300x200.jpg 300w, https:\/\/www.efaflex.com\/wp-content\/uploads\/2023\/04\/efaflex-efa-srt-cr-premium-glatt-01-1024x682.jpg 1024w, https:\/\/www.efaflex.com\/wp-content\/uploads\/2023\/04\/efaflex-efa-srt-cr-premium-glatt-01-768x511.jpg 768w, https:\/\/www.efaflex.com\/wp-content\/uploads\/2023\/04\/efaflex-efa-srt-cr-premium-glatt-01-1536x1022.jpg 1536w, https:\/\/www.efaflex.com\/wp-content\/uploads\/2023\/04\/efaflex-efa-srt-cr-premium-glatt-01-1083x720.jpg 1083w, https:\/\/www.efaflex.com\/wp-content\/uploads\/2023\/04\/efaflex-efa-srt-cr-premium-glatt-01-382x254.jpg 382w\" sizes=\"(max-width: 1920px) 100vw, 1920px\" \/>                                                    <\/div>\r\n                                        <h2 class=\"headline-two\">\r\n                                                    <span>Portes \u00e0 enroulement rapide<\/span>\r\n                                                EFA-SRT\u00ae CR Premium                    <\/h2>\r\n                    <p class=\"normal-font\"><\/p>\r\n                                                                                                                                                                                                        <a href=\"https:\/\/www.efaflex.com\/wp-content\/uploads\/2023\/04\/efaflex-efa-srt-cr-premium-web.jpg\" class=\"load-more-button\">\r\n                                    T\u00e9l\u00e9charger Web (72dpi)                                <\/a>\r\n                                                                                                                                                                        <a href=\"https:\/\/www.efaflex.com\/wp-content\/uploads\/2023\/04\/efaflex-efa-srt-cr-premium.jpg\" class=\"load-more-button\">\r\n                                    T\u00e9l\u00e9charger Print (300dpi)                                <\/a>\r\n                                                                                        <\/div>\r\n                            <div class=\"thema-box flex-box-twentyfive\">\r\n                                            <div class=\"bild-box\">\r\n                                                                                                                    <img decoding=\"async\" width=\"1920\" height=\"1810\" src=\"https:\/\/www.efaflex.com\/wp-content\/uploads\/2022\/06\/serie-cr-rolltore-efa-srt-cr-efficient-frontalansicht-efaflex.jpg\" class=\"attachment-thementease-thumbnail size-thementease-thumbnail\" alt=\"\" srcset=\"https:\/\/www.efaflex.com\/wp-content\/uploads\/2022\/06\/serie-cr-rolltore-efa-srt-cr-efficient-frontalansicht-efaflex.jpg 1920w, https:\/\/www.efaflex.com\/wp-content\/uploads\/2022\/06\/serie-cr-rolltore-efa-srt-cr-efficient-frontalansicht-efaflex-300x283.jpg 300w, https:\/\/www.efaflex.com\/wp-content\/uploads\/2022\/06\/serie-cr-rolltore-efa-srt-cr-efficient-frontalansicht-efaflex-1024x965.jpg 1024w, https:\/\/www.efaflex.com\/wp-content\/uploads\/2022\/06\/serie-cr-rolltore-efa-srt-cr-efficient-frontalansicht-efaflex-768x724.jpg 768w, https:\/\/www.efaflex.com\/wp-content\/uploads\/2022\/06\/serie-cr-rolltore-efa-srt-cr-efficient-frontalansicht-efaflex-1536x1448.jpg 1536w\" sizes=\"(max-width: 1920px) 100vw, 1920px\" \/>                                                    <\/div>\r\n                                        <h2 class=\"headline-two\">\r\n                                                    <span>Portes \u00e0 enroulement rapide<\/span>\r\n                                                EFA-SRT\u00ae CR Efficient                    <\/h2>\r\n                    <p class=\"normal-font\"><\/p>\r\n                                                                                                                                                                                                        <a href=\"https:\/\/www.efaflex.com\/wp-content\/uploads\/2023\/04\/efaflex-efa-srt-cr-efficient-web.jpg\" class=\"load-more-button\">\r\n                                    T\u00e9l\u00e9charger Web (72dpi)                                <\/a>\r\n                                                                                                                                                                        <a href=\"https:\/\/www.efaflex.com\/wp-content\/uploads\/2023\/04\/efaflex-efa-srt-cr-efficient.jpg\" class=\"load-more-button\">\r\n                                    T\u00e9l\u00e9charger Print (300dpi)                                <\/a>\r\n                                                                                        <\/div>\r\n                            <div class=\"thema-box flex-box-twentyfive\">\r\n                                            <div class=\"bild-box\">\r\n                                                                                                                    <img decoding=\"async\" width=\"1005\" height=\"671\" src=\"https:\/\/www.efaflex.com\/wp-content\/uploads\/2022\/07\/serie-cr-rolltor-efa-hvs-cr-tor-offen-efaflex.jpeg\" class=\"attachment-thementease-thumbnail size-thementease-thumbnail\" alt=\"\" srcset=\"https:\/\/www.efaflex.com\/wp-content\/uploads\/2022\/07\/serie-cr-rolltor-efa-hvs-cr-tor-offen-efaflex.jpeg 1005w, https:\/\/www.efaflex.com\/wp-content\/uploads\/2022\/07\/serie-cr-rolltor-efa-hvs-cr-tor-offen-efaflex-300x200.jpeg 300w, https:\/\/www.efaflex.com\/wp-content\/uploads\/2022\/07\/serie-cr-rolltor-efa-hvs-cr-tor-offen-efaflex-768x513.jpeg 768w, https:\/\/www.efaflex.com\/wp-content\/uploads\/2022\/07\/serie-cr-rolltor-efa-hvs-cr-tor-offen-efaflex-382x254.jpeg 382w\" sizes=\"(max-width: 1005px) 100vw, 1005px\" \/>                                                    <\/div>\r\n                                        <h2 class=\"headline-two\">\r\n                                                    <span>Portes \u00e0 enroulement rapide<\/span>\r\n                                                Vertical EFA-HVS\u00ae CR door                    <\/h2>\r\n                    <p class=\"normal-font\"><\/p>\r\n                                                                                                                                                                                                        <a href=\"https:\/\/www.efaflex.com\/wp-content\/uploads\/2023\/04\/efaflex-efa-hvs-cr-web.jpg\" class=\"load-more-button\">\r\n                                    T\u00e9l\u00e9charger Web (72dpi)                                <\/a>\r\n                                                                                                                                                                        <a href=\"https:\/\/www.efaflex.com\/wp-content\/uploads\/2023\/04\/efaflex-efa-hvs-cr.jpg\" class=\"load-more-button\">\r\n                                    T\u00e9l\u00e9charger Print (300dpi)                                <\/a>\r\n                                                                                        <\/div>\r\n                            <div class=\"thema-box flex-box-twentyfive\">\r\n                                            <div class=\"bild-box\">\r\n                                                                                                                    <img decoding=\"async\" width=\"1920\" height=\"1280\" src=\"https:\/\/www.efaflex.com\/wp-content\/uploads\/2023\/04\/Vorschaubild.jpg\" class=\"attachment-thementease-thumbnail size-thementease-thumbnail\" alt=\"\" srcset=\"https:\/\/www.efaflex.com\/wp-content\/uploads\/2023\/04\/Vorschaubild.jpg 1920w, https:\/\/www.efaflex.com\/wp-content\/uploads\/2023\/04\/Vorschaubild-300x200.jpg 300w, https:\/\/www.efaflex.com\/wp-content\/uploads\/2023\/04\/Vorschaubild-1024x683.jpg 1024w, https:\/\/www.efaflex.com\/wp-content\/uploads\/2023\/04\/Vorschaubild-768x512.jpg 768w, https:\/\/www.efaflex.com\/wp-content\/uploads\/2023\/04\/Vorschaubild-1536x1024.jpg 1536w, https:\/\/www.efaflex.com\/wp-content\/uploads\/2023\/04\/Vorschaubild-382x254.jpg 382w\" sizes=\"(max-width: 1920px) 100vw, 1920px\" \/>                                                    <\/div>\r\n                                        <h2 class=\"headline-two\">\r\n                                                    <span>Portes \u00e0 enroulement rapide<\/span>\r\n                                                EFA-SRT\u00ae CR-C                    <\/h2>\r\n                    <p class=\"normal-font\"><\/p>\r\n                                                                                                                                                                                                        <a href=\"https:\/\/www.efaflex.com\/wp-content\/uploads\/2023\/04\/efaflex-EFA-SRT-CRC-web.jpg\" class=\"load-more-button\">\r\n                                    T\u00e9l\u00e9charger Web (72dpi)                                <\/a>\r\n                                                                                                                                                                        <a href=\"https:\/\/www.efaflex.com\/wp-content\/uploads\/2023\/04\/EFA-SRT-CR-C.jpg\" class=\"load-more-button\">\r\n                                    T\u00e9l\u00e9charger Print (300dpi)                                <\/a>\r\n                                                                                        <\/div>\r\n                        <\/div>\r\n<\/div>\n\n\n<div style=\"height:100px\" aria-hidden=\"true\" class=\"wp-block-spacer\"><\/div>\n","protected":false},"excerpt":{"rendered":"","protected":false},"author":6,"featured_media":0,"parent":21048,"menu_order":0,"comment_status":"closed","ping_status":"closed","template":"","meta":{"_acf_changed":false,"footnotes":""},"categories":[],"tags":[],"class_list":["post-21059","page","type-page","status-publish","hentry"],"acf":[],"_links":{"self":[{"href":"https:\/\/www.efaflex.com\/fr\/wp-json\/wp\/v2\/pages\/21059","targetHints":{"allow":["GET"]}}],"collection":[{"href":"https:\/\/www.efaflex.com\/fr\/wp-json\/wp\/v2\/pages"}],"about":[{"href":"https:\/\/www.efaflex.com\/fr\/wp-json\/wp\/v2\/types\/page"}],"author":[{"embeddable":true,"href":"https:\/\/www.efaflex.com\/fr\/wp-json\/wp\/v2\/users\/6"}],"replies":[{"embeddable":true,"href":"https:\/\/www.efaflex.com\/fr\/wp-json\/wp\/v2\/comments?post=21059"}],"version-history":[{"count":2,"href":"https:\/\/www.efaflex.com\/fr\/wp-json\/wp\/v2\/pages\/21059\/revisions"}],"predecessor-version":[{"id":35457,"href":"https:\/\/www.efaflex.com\/fr\/wp-json\/wp\/v2\/pages\/21059\/revisions\/35457"}],"up":[{"embeddable":true,"href":"https:\/\/www.efaflex.com\/fr\/wp-json\/wp\/v2\/pages\/21048"}],"wp:attachment":[{"href":"https:\/\/www.efaflex.com\/fr\/wp-json\/wp\/v2\/media?parent=21059"}],"wp:term":[{"taxonomy":"category","embeddable":true,"href":"https:\/\/www.efaflex.com\/fr\/wp-json\/wp\/v2\/categories?post=21059"},{"taxonomy":"post_tag","embeddable":true,"href":"https:\/\/www.efaflex.com\/fr\/wp-json\/wp\/v2\/tags?post=21059"}],"curies":[{"name":"wp","href":"https:\/\/api.w.org\/{rel}","templated":true}]}}

Images de presse portes à enroulement Série CR

<div id="breadcrump-block_0a8bf9023f858b1c392623eb780fd464" class="inner">
        <nav class="breadcrumb"><a href="https://www.efaflex.com/fr/">Page d&#8217;accueil</a> / <span class="current-page">Page</span></nav>    </div>


<div style="height:100px" aria-hidden="true" class="wp-block-spacer"></div>




<div id="textmodul-3-spalten-block_0893c9b697b56e3aa5d21187a73ea235" class="textmodul-3-spalten">
    <div class="inner">
        <div class="custom-flex-box">
                            <h1 class="flex-box-thirty break headline-two">Matériel de presse à télécharger<br />
</h1>                        <div class="flex-box-thirty"><p>Nos images et vidéos peuvent être téléchargées ici.</p>
</div>
            <div class="flex-box-thirty"></div>
        </div>
    </div>
</div>



<div style="height:100px" aria-hidden="true" class="wp-block-spacer"></div>



<div class="inner">
    <div id="bild-text-modul-1-4-block_3cc314d4e70ad11b9067aa33f9bcf8bb" class="themen-container custom-flex-box">
                                    <div class="thema-box flex-box-twentyfive">
                                            <div class="bild-box">
                                                                                                                    <img decoding="async" width="1920" height="1278" src="https://www.efaflex.com/wp-content/uploads/2023/04/efaflex-efa-srt-cr-premium-glatt-01.jpg" class="attachment-thementease-thumbnail size-thementease-thumbnail" alt="" srcset="https://www.efaflex.com/wp-content/uploads/2023/04/efaflex-efa-srt-cr-premium-glatt-01.jpg 1920w, https://www.efaflex.com/wp-content/uploads/2023/04/efaflex-efa-srt-cr-premium-glatt-01-300x200.jpg 300w, https://www.efaflex.com/wp-content/uploads/2023/04/efaflex-efa-srt-cr-premium-glatt-01-1024x682.jpg 1024w, https://www.efaflex.com/wp-content/uploads/2023/04/efaflex-efa-srt-cr-premium-glatt-01-768x511.jpg 768w, https://www.efaflex.com/wp-content/uploads/2023/04/efaflex-efa-srt-cr-premium-glatt-01-1536x1022.jpg 1536w, https://www.efaflex.com/wp-content/uploads/2023/04/efaflex-efa-srt-cr-premium-glatt-01-1083x720.jpg 1083w, https://www.efaflex.com/wp-content/uploads/2023/04/efaflex-efa-srt-cr-premium-glatt-01-382x254.jpg 382w" sizes="(max-width: 1920px) 100vw, 1920px" />                                                    </div>
                                        <h2 class="headline-two">
                                                    <span>Portes à enroulement rapide</span>
                                                EFA-SRT® CR Premium                    </h2>
                    <p class="normal-font"></p>
                                                                                                                                                                                                        <a href="https://www.efaflex.com/wp-content/uploads/2023/04/efaflex-efa-srt-cr-premium-web.jpg" class="load-more-button">
                                    Télécharger Web (72dpi)                                </a>
                                                                                                                                                                        <a href="https://www.efaflex.com/wp-content/uploads/2023/04/efaflex-efa-srt-cr-premium.jpg" class="load-more-button">
                                    Télécharger Print (300dpi)                                </a>
                                                                                        </div>
                            <div class="thema-box flex-box-twentyfive">
                                            <div class="bild-box">
                                                                                                                    <img decoding="async" width="1920" height="1810" src="https://www.efaflex.com/wp-content/uploads/2022/06/serie-cr-rolltore-efa-srt-cr-efficient-frontalansicht-efaflex.jpg" class="attachment-thementease-thumbnail size-thementease-thumbnail" alt="" srcset="https://www.efaflex.com/wp-content/uploads/2022/06/serie-cr-rolltore-efa-srt-cr-efficient-frontalansicht-efaflex.jpg 1920w, https://www.efaflex.com/wp-content/uploads/2022/06/serie-cr-rolltore-efa-srt-cr-efficient-frontalansicht-efaflex-300x283.jpg 300w, https://www.efaflex.com/wp-content/uploads/2022/06/serie-cr-rolltore-efa-srt-cr-efficient-frontalansicht-efaflex-1024x965.jpg 1024w, https://www.efaflex.com/wp-content/uploads/2022/06/serie-cr-rolltore-efa-srt-cr-efficient-frontalansicht-efaflex-768x724.jpg 768w, https://www.efaflex.com/wp-content/uploads/2022/06/serie-cr-rolltore-efa-srt-cr-efficient-frontalansicht-efaflex-1536x1448.jpg 1536w" sizes="(max-width: 1920px) 100vw, 1920px" />                                                    </div>
                                        <h2 class="headline-two">
                                                    <span>Portes à enroulement rapide</span>
                                                EFA-SRT® CR Efficient                    </h2>
                    <p class="normal-font"></p>
                                                                                                                                                                                                        <a href="https://www.efaflex.com/wp-content/uploads/2023/04/efaflex-efa-srt-cr-efficient-web.jpg" class="load-more-button">
                                    Télécharger Web (72dpi)                                </a>
                                                                                                                                                                        <a href="https://www.efaflex.com/wp-content/uploads/2023/04/efaflex-efa-srt-cr-efficient.jpg" class="load-more-button">
                                    Télécharger Print (300dpi)                                </a>
                                                                                        </div>
                            <div class="thema-box flex-box-twentyfive">
                                            <div class="bild-box">
                                                                                                                    <img decoding="async" width="1005" height="671" src="https://www.efaflex.com/wp-content/uploads/2022/07/serie-cr-rolltor-efa-hvs-cr-tor-offen-efaflex.jpeg" class="attachment-thementease-thumbnail size-thementease-thumbnail" alt="" srcset="https://www.efaflex.com/wp-content/uploads/2022/07/serie-cr-rolltor-efa-hvs-cr-tor-offen-efaflex.jpeg 1005w, https://www.efaflex.com/wp-content/uploads/2022/07/serie-cr-rolltor-efa-hvs-cr-tor-offen-efaflex-300x200.jpeg 300w, https://www.efaflex.com/wp-content/uploads/2022/07/serie-cr-rolltor-efa-hvs-cr-tor-offen-efaflex-768x513.jpeg 768w, https://www.efaflex.com/wp-content/uploads/2022/07/serie-cr-rolltor-efa-hvs-cr-tor-offen-efaflex-382x254.jpeg 382w" sizes="(max-width: 1005px) 100vw, 1005px" />                                                    </div>
                                        <h2 class="headline-two">
                                                    <span>Portes à enroulement rapide</span>
                                                Vertical EFA-HVS® CR door                    </h2>
                    <p class="normal-font"></p>
                                                                                                                                                                                                        <a href="https://www.efaflex.com/wp-content/uploads/2023/04/efaflex-efa-hvs-cr-web.jpg" class="load-more-button">
                                    Télécharger Web (72dpi)                                </a>
                                                                                                                                                                        <a href="https://www.efaflex.com/wp-content/uploads/2023/04/efaflex-efa-hvs-cr.jpg" class="load-more-button">
                                    Télécharger Print (300dpi)                                </a>
                                                                                        </div>
                            <div class="thema-box flex-box-twentyfive">
                                            <div class="bild-box">
                                                                                                                    <img decoding="async" width="1920" height="1280" src="https://www.efaflex.com/wp-content/uploads/2023/04/Vorschaubild.jpg" class="attachment-thementease-thumbnail size-thementease-thumbnail" alt="" srcset="https://www.efaflex.com/wp-content/uploads/2023/04/Vorschaubild.jpg 1920w, https://www.efaflex.com/wp-content/uploads/2023/04/Vorschaubild-300x200.jpg 300w, https://www.efaflex.com/wp-content/uploads/2023/04/Vorschaubild-1024x683.jpg 1024w, https://www.efaflex.com/wp-content/uploads/2023/04/Vorschaubild-768x512.jpg 768w, https://www.efaflex.com/wp-content/uploads/2023/04/Vorschaubild-1536x1024.jpg 1536w, https://www.efaflex.com/wp-content/uploads/2023/04/Vorschaubild-382x254.jpg 382w" sizes="(max-width: 1920px) 100vw, 1920px" />                                                    </div>
                                        <h2 class="headline-two">
                                                    <span>Portes à enroulement rapide</span>
                                                EFA-SRT® CR-C                    </h2>
                    <p class="normal-font"></p>
                                                                                                                                                                                                        <a href="https://www.efaflex.com/wp-content/uploads/2023/04/efaflex-EFA-SRT-CRC-web.jpg" class="load-more-button">
                                    Télécharger Web (72dpi)                                </a>
                                                                                                                                                                        <a href="https://www.efaflex.com/wp-content/uploads/2023/04/EFA-SRT-CR-C.jpg" class="load-more-button">
                                    Télécharger Print (300dpi)                                </a>
                                                                                        </div>
                        </div>
</div>


<div style="height:100px" aria-hidden="true" class="wp-block-spacer"></div>
