{"id":21070,"date":"2023-04-13T12:06:11","date_gmt":"2023-04-13T10:06:11","guid":{"rendered":"https:\/\/www.efaflex.com\/press\/press-images\/pressebilder-firmengebaeude\/"},"modified":"2026-01-12T11:24:38","modified_gmt":"2026-01-12T10:24:38","slug":"images-de-presse-batiment-de-lentreprise","status":"publish","type":"page","link":"https:\/\/www.efaflex.com\/fr\/presser\/images-de-presse\/images-de-presse-batiment-de-lentreprise\/","title":{"rendered":"Images de presse b\u00e2timent de l&#8217;entreprise"},"content":{"rendered":"\r\n\r\n<div id=\"breadcrump-block_c60cf97d09359aaa64d1170c695c9ffd\" class=\"inner\">\r\n        <nav class=\"breadcrumb\"><a href=\"https:\/\/www.efaflex.com\/fr\/\">Page d&#8217;accueil<\/a> \/ <span class=\"current-page\">Page<\/span><\/nav>    <\/div>\n\n\n<div style=\"height:100px\" aria-hidden=\"true\" class=\"wp-block-spacer\"><\/div>\n\n\n\r\n\r\n<div id=\"textmodul-3-spalten-block_6618f31041d19a4876a9a11bb8f7f4de\" class=\"textmodul-3-spalten\">\r\n    <div class=\"inner\">\r\n        <div class=\"custom-flex-box\">\r\n                            <h1 class=\"flex-box-thirty break headline-two\">Images de presse b\u00e2timent de l&#8217;entreprise<\/h1>                        <div class=\"flex-box-thirty\"><p>Nos images et vid\u00e9os peuvent \u00eatre t\u00e9l\u00e9charg\u00e9es ici.<\/p>\n<\/div>\r\n            <div class=\"flex-box-thirty\"><\/div>\r\n        <\/div>\r\n    <\/div>\r\n<\/div>\r\n\n\n\n<div style=\"height:100px\" aria-hidden=\"true\" class=\"wp-block-spacer\"><\/div>\n\n\n\r\n<div class=\"inner\">\r\n    <div id=\"bild-text-modul-1-4-block_8bfe1caeba488bd52ed9cd5364733ab7\" class=\"themen-container custom-flex-box\">\r\n                                    <div class=\"thema-box flex-box-twentyfive\">\r\n                                            <div class=\"bild-box\">\r\n                                                                                                                    <img decoding=\"async\" width=\"1772\" height=\"1029\" src=\"https:\/\/www.efaflex.com\/wp-content\/uploads\/2025\/11\/firmengebaeude-efaflex-bruckberg.jpg\" class=\"attachment-thementease-thumbnail size-thementease-thumbnail\" alt=\"\" srcset=\"https:\/\/www.efaflex.com\/wp-content\/uploads\/2025\/11\/firmengebaeude-efaflex-bruckberg.jpg 1772w, https:\/\/www.efaflex.com\/wp-content\/uploads\/2025\/11\/firmengebaeude-efaflex-bruckberg-300x174.jpg 300w, https:\/\/www.efaflex.com\/wp-content\/uploads\/2025\/11\/firmengebaeude-efaflex-bruckberg-768x446.jpg 768w, https:\/\/www.efaflex.com\/wp-content\/uploads\/2025\/11\/firmengebaeude-efaflex-bruckberg-1024x595.jpg 1024w, https:\/\/www.efaflex.com\/wp-content\/uploads\/2025\/11\/firmengebaeude-efaflex-bruckberg-1536x892.jpg 1536w\" sizes=\"(max-width: 1772px) 100vw, 1772px\" \/>                                                    <\/div>\r\n                                        <h2 class=\"headline-two\">\r\n                                                    <span>B\u00e2timent de l&#8217;entreprise<\/span>\r\n                                                                    <\/h2>\r\n                    <p class=\"normal-font\"><\/p>\r\n                                                                                                                                                                                                        <a href=\"https:\/\/www.efaflex.com\/wp-content\/uploads\/2023\/04\/efaflex-firmengebaeude-headquarter-aussenansicht-web.jpg\" class=\"load-more-button\">\r\n                                    T\u00e9l\u00e9charger Web (72dpi)                                <\/a>\r\n                                                                                                                                                                        <a href=\"https:\/\/www.efaflex.com\/wp-content\/uploads\/2023\/04\/efaflex-firmengebaeude-headquarter-aussenansicht.jpg\" class=\"load-more-button\">\r\n                                    T\u00e9l\u00e9charger Print (300dpi)                                <\/a>\r\n                                                                                        <\/div>\r\n                            <div class=\"thema-box flex-box-twentyfive\">\r\n                                            <div class=\"bild-box\">\r\n                                                                                                                    <img decoding=\"async\" width=\"1920\" height=\"1089\" src=\"https:\/\/www.efaflex.com\/wp-content\/uploads\/2023\/04\/Efaflex-Luftbild-DJI_0161-7.jpg\" class=\"attachment-thementease-thumbnail size-thementease-thumbnail\" alt=\"\" srcset=\"https:\/\/www.efaflex.com\/wp-content\/uploads\/2023\/04\/Efaflex-Luftbild-DJI_0161-7.jpg 1920w, https:\/\/www.efaflex.com\/wp-content\/uploads\/2023\/04\/Efaflex-Luftbild-DJI_0161-7-300x170.jpg 300w, https:\/\/www.efaflex.com\/wp-content\/uploads\/2023\/04\/Efaflex-Luftbild-DJI_0161-7-1024x581.jpg 1024w, https:\/\/www.efaflex.com\/wp-content\/uploads\/2023\/04\/Efaflex-Luftbild-DJI_0161-7-768x436.jpg 768w, https:\/\/www.efaflex.com\/wp-content\/uploads\/2023\/04\/Efaflex-Luftbild-DJI_0161-7-1536x871.jpg 1536w\" sizes=\"(max-width: 1920px) 100vw, 1920px\" \/>                                                    <\/div>\r\n                                        <h2 class=\"headline-two\">\r\n                                                    <span>B\u00e2timent de l&#8217;entreprise<\/span>\r\n                                                                    <\/h2>\r\n                    <p class=\"normal-font\"><\/p>\r\n                                                                                                                                                                                                        <a href=\"https:\/\/www.efaflex.com\/wp-content\/uploads\/2023\/04\/efaflex-firmengebaeude-luftbild-web.jpg\" class=\"load-more-button\">\r\n                                    T\u00e9l\u00e9charger Web (72dpi)                                <\/a>\r\n                                                                                                                                                                        <a href=\"https:\/\/www.efaflex.com\/wp-content\/uploads\/2023\/04\/efaflex-firmengebaeude-luftbild.jpg\" class=\"load-more-button\">\r\n                                    T\u00e9l\u00e9charger Print (300dpi)                                <\/a>\r\n                                                                                        <\/div>\r\n                            <div class=\"thema-box flex-box-twentyfive\">\r\n                                            <div class=\"bild-box\">\r\n                                                                                                                    <img decoding=\"async\" width=\"1772\" height=\"1182\" src=\"https:\/\/www.efaflex.com\/wp-content\/uploads\/2025\/11\/efaflex-firmengebaeude-luftbild-seitlich-bruckberg.jpg\" class=\"attachment-thementease-thumbnail size-thementease-thumbnail\" alt=\"\" srcset=\"https:\/\/www.efaflex.com\/wp-content\/uploads\/2025\/11\/efaflex-firmengebaeude-luftbild-seitlich-bruckberg.jpg 1772w, https:\/\/www.efaflex.com\/wp-content\/uploads\/2025\/11\/efaflex-firmengebaeude-luftbild-seitlich-bruckberg-300x200.jpg 300w, https:\/\/www.efaflex.com\/wp-content\/uploads\/2025\/11\/efaflex-firmengebaeude-luftbild-seitlich-bruckberg-768x512.jpg 768w, https:\/\/www.efaflex.com\/wp-content\/uploads\/2025\/11\/efaflex-firmengebaeude-luftbild-seitlich-bruckberg-1024x683.jpg 1024w, https:\/\/www.efaflex.com\/wp-content\/uploads\/2025\/11\/efaflex-firmengebaeude-luftbild-seitlich-bruckberg-1536x1025.jpg 1536w\" sizes=\"(max-width: 1772px) 100vw, 1772px\" \/>                                                    <\/div>\r\n                                        <h2 class=\"headline-two\">\r\n                                                    <span>B\u00e2timent de l&#8217;entreprise<\/span>\r\n                                                                    <\/h2>\r\n                    <p class=\"normal-font\"><\/p>\r\n                                                                                                                                                                                                        <a href=\"https:\/\/www.efaflex.com\/wp-content\/uploads\/2023\/04\/efaflex-firmengebaeude-luftbild-seitlich-web.jpg\" class=\"load-more-button\">\r\n                                    T\u00e9l\u00e9charger Web (72dpi)                                <\/a>\r\n                                                                                                                                                                        <a href=\"https:\/\/www.efaflex.com\/wp-content\/uploads\/2023\/04\/efaflex-firmengebaeude-luftbild-seitlich.jpg\" class=\"load-more-button\">\r\n                                    T\u00e9l\u00e9charger Print (300dpi)                                <\/a>\r\n                                                                                        <\/div>\r\n                            <div class=\"thema-box flex-box-twentyfive\">\r\n                                            <div class=\"bild-box\">\r\n                                                                                                                    <img decoding=\"async\" width=\"1920\" height=\"1280\" src=\"https:\/\/www.efaflex.com\/wp-content\/uploads\/2023\/04\/7I2A6280.jpg\" class=\"attachment-thementease-thumbnail size-thementease-thumbnail\" alt=\"\" srcset=\"https:\/\/www.efaflex.com\/wp-content\/uploads\/2023\/04\/7I2A6280.jpg 1920w, https:\/\/www.efaflex.com\/wp-content\/uploads\/2023\/04\/7I2A6280-300x200.jpg 300w, https:\/\/www.efaflex.com\/wp-content\/uploads\/2023\/04\/7I2A6280-1024x683.jpg 1024w, https:\/\/www.efaflex.com\/wp-content\/uploads\/2023\/04\/7I2A6280-768x512.jpg 768w, https:\/\/www.efaflex.com\/wp-content\/uploads\/2023\/04\/7I2A6280-1536x1024.jpg 1536w, https:\/\/www.efaflex.com\/wp-content\/uploads\/2023\/04\/7I2A6280-382x254.jpg 382w\" sizes=\"(max-width: 1920px) 100vw, 1920px\" \/>                                                    <\/div>\r\n                                        <h2 class=\"headline-two\">\r\n                                                    <span>B\u00e2timent de l&#8217;entreprise<\/span>\r\n                                                                    <\/h2>\r\n                    <p class=\"normal-font\"><\/p>\r\n                                                                                                                                                                                                        <a href=\"https:\/\/www.efaflex.com\/wp-content\/uploads\/2023\/04\/efaflex-firmengebaeude-ladestation-web.jpg\" class=\"load-more-button\">\r\n                                    T\u00e9l\u00e9charger Web (72dpi)                                <\/a>\r\n                                                                                                                                                                        <a href=\"https:\/\/www.efaflex.com\/wp-content\/uploads\/2023\/04\/efaflex-firmengebaeude-ladestation.jpg\" class=\"load-more-button\">\r\n                                    T\u00e9l\u00e9charger Print (300dpi)                                <\/a>\r\n                                                                                        <\/div>\r\n                        <\/div>\r\n<\/div>\n\n\n<div style=\"height:100px\" aria-hidden=\"true\" class=\"wp-block-spacer\"><\/div>\n","protected":false},"excerpt":{"rendered":"","protected":false},"author":6,"featured_media":0,"parent":21033,"menu_order":0,"comment_status":"closed","ping_status":"closed","template":"","meta":{"_acf_changed":false,"footnotes":""},"categories":[],"tags":[],"class_list":["post-21070","page","type-page","status-publish","hentry"],"acf":[],"_links":{"self":[{"href":"https:\/\/www.efaflex.com\/fr\/wp-json\/wp\/v2\/pages\/21070","targetHints":{"allow":["GET"]}}],"collection":[{"href":"https:\/\/www.efaflex.com\/fr\/wp-json\/wp\/v2\/pages"}],"about":[{"href":"https:\/\/www.efaflex.com\/fr\/wp-json\/wp\/v2\/types\/page"}],"author":[{"embeddable":true,"href":"https:\/\/www.efaflex.com\/fr\/wp-json\/wp\/v2\/users\/6"}],"replies":[{"embeddable":true,"href":"https:\/\/www.efaflex.com\/fr\/wp-json\/wp\/v2\/comments?post=21070"}],"version-history":[{"count":5,"href":"https:\/\/www.efaflex.com\/fr\/wp-json\/wp\/v2\/pages\/21070\/revisions"}],"predecessor-version":[{"id":35604,"href":"https:\/\/www.efaflex.com\/fr\/wp-json\/wp\/v2\/pages\/21070\/revisions\/35604"}],"up":[{"embeddable":true,"href":"https:\/\/www.efaflex.com\/fr\/wp-json\/wp\/v2\/pages\/21033"}],"wp:attachment":[{"href":"https:\/\/www.efaflex.com\/fr\/wp-json\/wp\/v2\/media?parent=21070"}],"wp:term":[{"taxonomy":"category","embeddable":true,"href":"https:\/\/www.efaflex.com\/fr\/wp-json\/wp\/v2\/categories?post=21070"},{"taxonomy":"post_tag","embeddable":true,"href":"https:\/\/www.efaflex.com\/fr\/wp-json\/wp\/v2\/tags?post=21070"}],"curies":[{"name":"wp","href":"https:\/\/api.w.org\/{rel}","templated":true}]}}

Images de presse bâtiment de l&#8217;entreprise

<div id="breadcrump-block_c60cf97d09359aaa64d1170c695c9ffd" class="inner">
        <nav class="breadcrumb"><a href="https://www.efaflex.com/fr/">Page d&#8217;accueil</a> / <span class="current-page">Page</span></nav>    </div>


<div style="height:100px" aria-hidden="true" class="wp-block-spacer"></div>




<div id="textmodul-3-spalten-block_6618f31041d19a4876a9a11bb8f7f4de" class="textmodul-3-spalten">
    <div class="inner">
        <div class="custom-flex-box">
                            <h1 class="flex-box-thirty break headline-two">Images de presse bâtiment de l&#8217;entreprise</h1>                        <div class="flex-box-thirty"><p>Nos images et vidéos peuvent être téléchargées ici.</p>
</div>
            <div class="flex-box-thirty"></div>
        </div>
    </div>
</div>



<div style="height:100px" aria-hidden="true" class="wp-block-spacer"></div>



<div class="inner">
    <div id="bild-text-modul-1-4-block_8bfe1caeba488bd52ed9cd5364733ab7" class="themen-container custom-flex-box">
                                    <div class="thema-box flex-box-twentyfive">
                                            <div class="bild-box">
                                                                                                                    <img decoding="async" width="1772" height="1029" src="https://www.efaflex.com/wp-content/uploads/2025/11/firmengebaeude-efaflex-bruckberg.jpg" class="attachment-thementease-thumbnail size-thementease-thumbnail" alt="" srcset="https://www.efaflex.com/wp-content/uploads/2025/11/firmengebaeude-efaflex-bruckberg.jpg 1772w, https://www.efaflex.com/wp-content/uploads/2025/11/firmengebaeude-efaflex-bruckberg-300x174.jpg 300w, https://www.efaflex.com/wp-content/uploads/2025/11/firmengebaeude-efaflex-bruckberg-768x446.jpg 768w, https://www.efaflex.com/wp-content/uploads/2025/11/firmengebaeude-efaflex-bruckberg-1024x595.jpg 1024w, https://www.efaflex.com/wp-content/uploads/2025/11/firmengebaeude-efaflex-bruckberg-1536x892.jpg 1536w" sizes="(max-width: 1772px) 100vw, 1772px" />                                                    </div>
                                        <h2 class="headline-two">
                                                    <span>Bâtiment de l&#8217;entreprise</span>
                                                                    </h2>
                    <p class="normal-font"></p>
                                                                                                                                                                                                        <a href="https://www.efaflex.com/wp-content/uploads/2023/04/efaflex-firmengebaeude-headquarter-aussenansicht-web.jpg" class="load-more-button">
                                    Télécharger Web (72dpi)                                </a>
                                                                                                                                                                        <a href="https://www.efaflex.com/wp-content/uploads/2023/04/efaflex-firmengebaeude-headquarter-aussenansicht.jpg" class="load-more-button">
                                    Télécharger Print (300dpi)                                </a>
                                                                                        </div>
                            <div class="thema-box flex-box-twentyfive">
                                            <div class="bild-box">
                                                                                                                    <img decoding="async" width="1920" height="1089" src="https://www.efaflex.com/wp-content/uploads/2023/04/Efaflex-Luftbild-DJI_0161-7.jpg" class="attachment-thementease-thumbnail size-thementease-thumbnail" alt="" srcset="https://www.efaflex.com/wp-content/uploads/2023/04/Efaflex-Luftbild-DJI_0161-7.jpg 1920w, https://www.efaflex.com/wp-content/uploads/2023/04/Efaflex-Luftbild-DJI_0161-7-300x170.jpg 300w, https://www.efaflex.com/wp-content/uploads/2023/04/Efaflex-Luftbild-DJI_0161-7-1024x581.jpg 1024w, https://www.efaflex.com/wp-content/uploads/2023/04/Efaflex-Luftbild-DJI_0161-7-768x436.jpg 768w, https://www.efaflex.com/wp-content/uploads/2023/04/Efaflex-Luftbild-DJI_0161-7-1536x871.jpg 1536w" sizes="(max-width: 1920px) 100vw, 1920px" />                                                    </div>
                                        <h2 class="headline-two">
                                                    <span>Bâtiment de l&#8217;entreprise</span>
                                                                    </h2>
                    <p class="normal-font"></p>
                                                                                                                                                                                                        <a href="https://www.efaflex.com/wp-content/uploads/2023/04/efaflex-firmengebaeude-luftbild-web.jpg" class="load-more-button">
                                    Télécharger Web (72dpi)                                </a>
                                                                                                                                                                        <a href="https://www.efaflex.com/wp-content/uploads/2023/04/efaflex-firmengebaeude-luftbild.jpg" class="load-more-button">
                                    Télécharger Print (300dpi)                                </a>
                                                                                        </div>
                            <div class="thema-box flex-box-twentyfive">
                                            <div class="bild-box">
                                                                                                                    <img decoding="async" width="1772" height="1182" src="https://www.efaflex.com/wp-content/uploads/2025/11/efaflex-firmengebaeude-luftbild-seitlich-bruckberg.jpg" class="attachment-thementease-thumbnail size-thementease-thumbnail" alt="" srcset="https://www.efaflex.com/wp-content/uploads/2025/11/efaflex-firmengebaeude-luftbild-seitlich-bruckberg.jpg 1772w, https://www.efaflex.com/wp-content/uploads/2025/11/efaflex-firmengebaeude-luftbild-seitlich-bruckberg-300x200.jpg 300w, https://www.efaflex.com/wp-content/uploads/2025/11/efaflex-firmengebaeude-luftbild-seitlich-bruckberg-768x512.jpg 768w, https://www.efaflex.com/wp-content/uploads/2025/11/efaflex-firmengebaeude-luftbild-seitlich-bruckberg-1024x683.jpg 1024w, https://www.efaflex.com/wp-content/uploads/2025/11/efaflex-firmengebaeude-luftbild-seitlich-bruckberg-1536x1025.jpg 1536w" sizes="(max-width: 1772px) 100vw, 1772px" />                                                    </div>
                                        <h2 class="headline-two">
                                                    <span>Bâtiment de l&#8217;entreprise</span>
                                                                    </h2>
                    <p class="normal-font"></p>
                                                                                                                                                                                                        <a href="https://www.efaflex.com/wp-content/uploads/2023/04/efaflex-firmengebaeude-luftbild-seitlich-web.jpg" class="load-more-button">
                                    Télécharger Web (72dpi)                                </a>
                                                                                                                                                                        <a href="https://www.efaflex.com/wp-content/uploads/2023/04/efaflex-firmengebaeude-luftbild-seitlich.jpg" class="load-more-button">
                                    Télécharger Print (300dpi)                                </a>
                                                                                        </div>
                            <div class="thema-box flex-box-twentyfive">
                                            <div class="bild-box">
                                                                                                                    <img decoding="async" width="1920" height="1280" src="https://www.efaflex.com/wp-content/uploads/2023/04/7I2A6280.jpg" class="attachment-thementease-thumbnail size-thementease-thumbnail" alt="" srcset="https://www.efaflex.com/wp-content/uploads/2023/04/7I2A6280.jpg 1920w, https://www.efaflex.com/wp-content/uploads/2023/04/7I2A6280-300x200.jpg 300w, https://www.efaflex.com/wp-content/uploads/2023/04/7I2A6280-1024x683.jpg 1024w, https://www.efaflex.com/wp-content/uploads/2023/04/7I2A6280-768x512.jpg 768w, https://www.efaflex.com/wp-content/uploads/2023/04/7I2A6280-1536x1024.jpg 1536w, https://www.efaflex.com/wp-content/uploads/2023/04/7I2A6280-382x254.jpg 382w" sizes="(max-width: 1920px) 100vw, 1920px" />                                                    </div>
                                        <h2 class="headline-two">
                                                    <span>Bâtiment de l&#8217;entreprise</span>
                                                                    </h2>
                    <p class="normal-font"></p>
                                                                                                                                                                                                        <a href="https://www.efaflex.com/wp-content/uploads/2023/04/efaflex-firmengebaeude-ladestation-web.jpg" class="load-more-button">
                                    Télécharger Web (72dpi)                                </a>
                                                                                                                                                                        <a href="https://www.efaflex.com/wp-content/uploads/2023/04/efaflex-firmengebaeude-ladestation.jpg" class="load-more-button">
                                    Télécharger Print (300dpi)                                </a>
                                                                                        </div>
                        </div>
</div>


<div style="height:100px" aria-hidden="true" class="wp-block-spacer"></div>
